{"id":1582,"date":"2020-04-23T11:34:26","date_gmt":"2020-04-23T09:34:26","guid":{"rendered":"https:\/\/lavoirie.ch\/event\/exploring-secret-rooms\/"},"modified":"2020-04-23T11:34:26","modified_gmt":"2020-04-23T09:34:26","slug":"exploring-secret-rooms","status":"publish","type":"event","link":"https:\/\/lavoirie.ch\/de\/event\/exploring-secret-rooms\/","title":{"rendered":"Exploring Secret Rooms"},"content":{"rendered":"\t\t<div data-elementor-type=\"wp-post\" data-elementor-id=\"1582\" class=\"elementor elementor-1582 elementor-847\" data-elementor-post-type=\"event\">\n\t\t\t\t\t\t<section class=\"elementor-section elementor-top-section elementor-element elementor-element-28fc9fa1 elementor-section-stretched elementor-section-boxed elementor-section-height-default elementor-section-height-default\" data-id=\"28fc9fa1\" data-element_type=\"section\" data-e-type=\"section\" data-settings=\"{&quot;stretch_section&quot;:&quot;section-stretched&quot;}\">\n\t\t\t\t\t\t<div class=\"elementor-container elementor-column-gap-default\">\n\t\t\t\t\t<div class=\"elementor-column elementor-col-50 elementor-top-column elementor-element elementor-element-68481c94\" data-id=\"68481c94\" data-element_type=\"column\" data-e-type=\"column\" data-settings=\"{&quot;background_background&quot;:&quot;classic&quot;}\">\n\t\t\t<div class=\"elementor-widget-wrap elementor-element-populated\">\n\t\t\t\t\t\t<div class=\"elementor-element elementor-element-487de7fc textcolor elementor-widget elementor-widget-theme-post-title elementor-page-title elementor-widget-heading\" data-id=\"487de7fc\" data-element_type=\"widget\" data-e-type=\"widget\" data-widget_type=\"theme-post-title.default\">\n\t\t\t\t<div class=\"elementor-widget-container\">\n\t\t\t\t\t<h1 class=\"elementor-heading-title elementor-size-default\">Exploring Secret Rooms<\/h1>\t\t\t\t<\/div>\n\t\t\t\t<\/div>\n\t\t\t\t<div class=\"elementor-element elementor-element-5aa82f93 elementor-widget__width-auto textcolor elementor-widget elementor-widget-heading\" data-id=\"5aa82f93\" data-element_type=\"widget\" data-e-type=\"widget\" data-widget_type=\"heading.default\">\n\t\t\t\t<div class=\"elementor-widget-container\">\n\t\t\t\t\t<h2 class=\"elementor-heading-title elementor-size-default\">07.07.2018<\/h2>\t\t\t\t<\/div>\n\t\t\t\t<\/div>\n\t\t\t\t<div class=\"elementor-element elementor-element-4184fd6e elementor-widget__width-auto textcolor elementor-widget elementor-widget-heading\" data-id=\"4184fd6e\" data-element_type=\"widget\" data-e-type=\"widget\" data-widget_type=\"heading.default\">\n\t\t\t\t<div class=\"elementor-widget-container\">\n\t\t\t\t\t<h2 class=\"elementor-heading-title elementor-size-default\"> - 16:00:00<\/h2>\t\t\t\t<\/div>\n\t\t\t\t<\/div>\n\t\t\t\t<div class=\"elementor-element elementor-element-12ce1261 elementor-widget__width-auto textcolor elementor-widget elementor-widget-heading\" data-id=\"12ce1261\" data-element_type=\"widget\" data-e-type=\"widget\" data-widget_type=\"heading.default\">\n\t\t\t\t<div class=\"elementor-widget-container\">\n\t\t\t\t\t<h2 class=\"elementor-heading-title elementor-size-default\"><a href=\"https:\/\/lavoirie.ch\/de\/category\/konzert\/\" rel=\"tag\">Konzert<\/a><\/h2>\t\t\t\t<\/div>\n\t\t\t\t<\/div>\n\t\t\t\t<div class=\"elementor-element elementor-element-6e05e53 textcolor elementor-widget elementor-widget-text-editor\" data-id=\"6e05e53\" data-element_type=\"widget\" data-e-type=\"widget\" data-widget_type=\"text-editor.default\">\n\t\t\t\t<div class=\"elementor-widget-container\">\n\t\t\t\t\t\t\t\t\t<p class=\"p1\">Samstag 7. Juli 16h<br \/>\n<span style=\"font-family: -apple-system, BlinkMacSystemFont, 'Segoe UI', Roboto, 'Helvetica Neue', Arial, 'Noto Sans', sans-serif, 'Apple Color Emoji', 'Segoe UI Emoji', 'Segoe UI Symbol', 'Noto Color Emoji';font-size: 1rem\">Sonntag 8. Juli 12h<\/span><\/p>\n\t\t\t\t\t\t\t\t<\/div>\n\t\t\t\t<\/div>\n\t\t\t\t<div class=\"elementor-element elementor-element-07fa4a4 textcolor elementor-widget elementor-widget-text-editor\" data-id=\"07fa4a4\" data-element_type=\"widget\" data-e-type=\"widget\" data-widget_type=\"text-editor.default\">\n\t\t\t\t<div class=\"elementor-widget-container\">\n\t\t\t\t\t\t\t\t\t<p class=\"p1\"><i>Luca Forcucci \u2013 Live Elektronik und Field Recording<br \/><\/i><i style=\"font-family: -apple-system, BlinkMacSystemFont, 'Segoe UI', Roboto, 'Helvetica Neue', Arial, 'Noto Sans', sans-serif, 'Apple Color Emoji', 'Segoe UI Emoji', 'Segoe UI Symbol', 'Noto Color Emoji'; font-size: 1rem;\">Rea Dubach \u2013 Stimme und Elektronik<br \/><\/i><i style=\"font-family: -apple-system, BlinkMacSystemFont, 'Segoe UI', Roboto, 'Helvetica Neue', Arial, 'Noto Sans', sans-serif, 'Apple Color Emoji', 'Segoe UI Emoji', 'Segoe UI Symbol', 'Noto Color Emoji'; font-size: 1rem;\">Christian Zemp \u2013 E-Gitarre<br \/><\/i><i style=\"font-family: -apple-system, BlinkMacSystemFont, 'Segoe UI', Roboto, 'Helvetica Neue', Arial, 'Noto Sans', sans-serif, 'Apple Color Emoji', 'Segoe UI Emoji', 'Segoe UI Symbol', 'Noto Color Emoji'; font-size: 1rem;\">Judith Wegmann \u2013 Piano und Pr\u00e4parationen<br \/><\/i><i style=\"font-family: -apple-system, BlinkMacSystemFont, 'Segoe UI', Roboto, 'Helvetica Neue', Arial, 'Noto Sans', sans-serif, 'Apple Color Emoji', 'Segoe UI Emoji', 'Segoe UI Symbol', 'Noto Color Emoji'; font-size: 1rem;\">Stephan Hostettler \u2013 Visuelle Gestaltung und Video Installationen (Mechanismus)<\/i><\/p>\n<p>In Performances mit extremen Spiell\u00e4ngen findet eine Reduktion auf das Wesentliche statt. \u201eDie Zeit\u201c ist das, was die Musik von allen K\u00fcnsten unterscheidet. Wenn man definieren sollte, was Musik ist, meine ich: \u201eDie Zeit\u201c ist das Entscheidende: Jetzt, nachher, vorher, gleichzeitig, oft, selten, nie, immer. Und damit haben wir schon ein ganzes Werk. Dies steht bei unserer Performance im Zentrum. Es ist f\u00fcr uns eine prinzipielle Frage, in welchem zeitlichen Raum die Musik spielt. Zahlreiche Komponisten, Kunstschaffende, Philosophen und Theoretiker haben hier geforscht, recherchiert und \u00fcber Jahrhunderte immer wieder neue Thesen erstellt.<\/p>\n<p class=\"p3\">Der Begriff \u201eZeit\u201c und seine einhergehende, direkte Auswirkung auf unser t\u00e4gliches Erleben, ist im Positiven wie im Negativen ein beeinflussendes Element. Als ein von Menschenhand erfundenes Selbstkonstrukt, getaktet mit (fast) proportionalen Einheiten wie Jahr, Monat, Tag, Stunde, Minute, das uns mehrheitlich global vorschreibt wie man zu Leben und zu Denken hat.<\/p>\n<p class=\"p1\">Kaum erstaunlich daher, dass das Thema \u00abZeit\u00bb in philosophischen Essays, wissenschaftlichen Untersuchungen und popul\u00e4ren Lebensratgebern immer wieder pr\u00e4sent ist. In der bildenden Kunst wie in der Musik spielen die Zeit und das Denken dar\u00fcber eine wichtige Rolle.<\/p>\n<p class=\"p1\">Wir f\u00fcnf Musiker\/-Innen m\u00f6chten dieser Frage nun in einer speziellen Performance gemeinsam auf den Grund gehen. Im Zentrum steht dabei\u00a0<i>\u201edas Zeit haben\u201c<\/i>. \u2013 Zeit, in der wir verharren und der Langsamkeit Raum geben. Zeit f\u00fcr Musik, B\u00f6gen zu spannen und \u00fcber 24 Stunden gemeinsam einen Klangraum zu erschaffen. Einerseits ist es ein Statement \u201esich Zeit nehmen\u201c und sich dem schnellen Wandel der heutigen Zeit einen Moment lang zu widersetzten. Heute, wo alles in einer Geschwindigkeit voranschreitet, und kaum ist etwas entstanden, wird es bereits weiter entwickelt oder verlischt und verschwindet. \u2013 Anderseits faszinieren uns die k\u00fcnstlerischen Aspekte und Fragen, denen wir auf den Grund gehen m\u00f6chten.<\/p>\n<p class=\"p1\">Es wird eine Grenzerfahrung sein, die musikalisch wie k\u00f6rperlich eine Herausforderung stellen wird. K\u00fcnstlerisch m\u00f6chten wir dieses Extrem durchleben und ausloten.<\/p>\n<p class=\"p1\">Wir werden subtil mit viel Raum die Zeit in Musik verwandeln. Kl\u00e4nge in die Welt setzen, deren Schwingungen den leeren Raum vor\u00fcbergehend \u201ebesetzen\u201c, ehe sie wieder in die Stille \u2013 in das Verl\u00f6schen \u2013 zur\u00fcckfallen.<\/p>\n<p class=\"p1\">Als Erfahrung in dieser Performance bietet das Thema \u201eZeit\u201c in der Musik immer wieder zur\u00fcckblickende und neue Perspektiven. In unserem Werk wird Raum und Musik reflektiert. Zeitstrukturen, die sich aus der Beobachtung zu Bildern ergeben. \u201eZeit\u201c als solche besitzt keine Eigenschaften, sie ist Abstraktion des Vor- und Nacheinanders von Ereignissen und wird nur durch das Miterleben und Mitbewusstsein von Vorg\u00e4ngen konkret fassbar.<\/p>\n<p class=\"p1\">Will man Merkmale, Dimensionen und Bedingungen erlebter Zeit erkunden, dann ist Musik ein besonders geeignetes Ph\u00e4nomen: Sie gibt in ausgezeichneter Weise Aufschluss \u00fcber Strukturierung und Weisen der Zeiterfahrung. Zeitlichkeit ist ein so wesentliches Merkmal von Musik, dass man sie h\u00e4ufig, \u201edie Zeitkunst par excellence\u201c nennt. Durch ihren irreversiblen Verlauf scheint Live-Musik etwas Fl\u00fcchtiges zu sein, sie hat nahezu besitzt sie etwas Phantomhaftes: Eine blosse Episode in der Zeit, davor nichts, danach nichts. Man kann sie nicht festhalten, sie verfliesst unweigerlich im Zeitstrom. Sie scheint nirgends zu sein, blosser Zeitfluss; weniger als ein Atemhauch, dessen Spuren man sehen kann.<\/p>\n<p class=\"p4\">\u201e<i>Musik ist eine Reflexion der Zeit, in der sie entsteht.\u201c\u00a0 Zitat von Diana Ross<\/i><\/p>\n\t\t\t\t\t\t\t\t<\/div>\n\t\t\t\t<\/div>\n\t\t\t\t\t<\/div>\n\t\t<\/div>\n\t\t\t\t<div class=\"elementor-column elementor-col-50 elementor-top-column elementor-element elementor-element-6478c11f\" data-id=\"6478c11f\" data-element_type=\"column\" data-e-type=\"column\">\n\t\t\t<div class=\"elementor-widget-wrap elementor-element-populated\">\n\t\t\t\t\t\t\t<\/div>\n\t\t<\/div>\n\t\t\t\t\t<\/div>\n\t\t<\/section>\n\t\t\t\t<\/div>\n\t\t","protected":false},"featured_media":0,"template":"","categories":[27],"class_list":["post-1582","event","type-event","status-publish","hentry","category-konzert"],"acf":[],"_links":{"self":[{"href":"https:\/\/lavoirie.ch\/de\/wp-json\/wp\/v2\/event\/1582","targetHints":{"allow":["GET"]}}],"collection":[{"href":"https:\/\/lavoirie.ch\/de\/wp-json\/wp\/v2\/event"}],"about":[{"href":"https:\/\/lavoirie.ch\/de\/wp-json\/wp\/v2\/types\/event"}],"version-history":[{"count":1,"href":"https:\/\/lavoirie.ch\/de\/wp-json\/wp\/v2\/event\/1582\/revisions"}],"predecessor-version":[{"id":1583,"href":"https:\/\/lavoirie.ch\/de\/wp-json\/wp\/v2\/event\/1582\/revisions\/1583"}],"wp:attachment":[{"href":"https:\/\/lavoirie.ch\/de\/wp-json\/wp\/v2\/media?parent=1582"}],"wp:term":[{"taxonomy":"category","embeddable":true,"href":"https:\/\/lavoirie.ch\/de\/wp-json\/wp\/v2\/categories?post=1582"}],"curies":[{"name":"wp","href":"https:\/\/api.w.org\/{rel}","templated":true}]}}

<div data-elementor-type="wp-post" data-elementor-id="1582" class="elementor elementor-1582 elementor-847" data-elementor-post-type="event">
						<section class="elementor-section elementor-top-section elementor-element elementor-element-28fc9fa1 elementor-section-stretched elementor-section-boxed elementor-section-height-default elementor-section-height-default" data-id="28fc9fa1" data-element_type="section" data-e-type="section" data-settings="{&quot;stretch_section&quot;:&quot;section-stretched&quot;}">
						<div class="elementor-container elementor-column-gap-default">
					<div class="elementor-column elementor-col-50 elementor-top-column elementor-element elementor-element-68481c94" data-id="68481c94" data-element_type="column" data-e-type="column" data-settings="{&quot;background_background&quot;:&quot;classic&quot;}">
			<div class="elementor-widget-wrap elementor-element-populated">
						<div class="elementor-element elementor-element-487de7fc textcolor elementor-widget elementor-widget-theme-post-title elementor-page-title elementor-widget-heading" data-id="487de7fc" data-element_type="widget" data-e-type="widget" data-widget_type="theme-post-title.default">
				<div class="elementor-widget-container">
					<h1 class="elementor-heading-title elementor-size-default">Exploring Secret Rooms</h1>				</div>
				</div>
				<div class="elementor-element elementor-element-5aa82f93 elementor-widget__width-auto textcolor elementor-widget elementor-widget-heading" data-id="5aa82f93" data-element_type="widget" data-e-type="widget" data-widget_type="heading.default">
				<div class="elementor-widget-container">
					<h2 class="elementor-heading-title elementor-size-default">07.07.2018</h2>				</div>
				</div>
				<div class="elementor-element elementor-element-4184fd6e elementor-widget__width-auto textcolor elementor-widget elementor-widget-heading" data-id="4184fd6e" data-element_type="widget" data-e-type="widget" data-widget_type="heading.default">
				<div class="elementor-widget-container">
					<h2 class="elementor-heading-title elementor-size-default"> - 16:00:00</h2>				</div>
				</div>
				<div class="elementor-element elementor-element-12ce1261 elementor-widget__width-auto textcolor elementor-widget elementor-widget-heading" data-id="12ce1261" data-element_type="widget" data-e-type="widget" data-widget_type="heading.default">
				<div class="elementor-widget-container">
					<h2 class="elementor-heading-title elementor-size-default"><a href="https://lavoirie.ch/de/category/konzert/" rel="tag">Konzert</a></h2>				</div>
				</div>
				<div class="elementor-element elementor-element-6e05e53 textcolor elementor-widget elementor-widget-text-editor" data-id="6e05e53" data-element_type="widget" data-e-type="widget" data-widget_type="text-editor.default">
				<div class="elementor-widget-container">
									<p class="p1">Samstag 7. Juli 16h<br />
<span style="font-family: -apple-system, BlinkMacSystemFont, 'Segoe UI', Roboto, 'Helvetica Neue', Arial, 'Noto Sans', sans-serif, 'Apple Color Emoji', 'Segoe UI Emoji', 'Segoe UI Symbol', 'Noto Color Emoji';font-size: 1rem">Sonntag 8. Juli 12h</span></p>
								</div>
				</div>
				<div class="elementor-element elementor-element-07fa4a4 textcolor elementor-widget elementor-widget-text-editor" data-id="07fa4a4" data-element_type="widget" data-e-type="widget" data-widget_type="text-editor.default">
				<div class="elementor-widget-container">
									<p class="p1"><i>Luca Forcucci – Live Elektronik und Field Recording<br /></i><i style="font-family: -apple-system, BlinkMacSystemFont, 'Segoe UI', Roboto, 'Helvetica Neue', Arial, 'Noto Sans', sans-serif, 'Apple Color Emoji', 'Segoe UI Emoji', 'Segoe UI Symbol', 'Noto Color Emoji'; font-size: 1rem;">Rea Dubach – Stimme und Elektronik<br /></i><i style="font-family: -apple-system, BlinkMacSystemFont, 'Segoe UI', Roboto, 'Helvetica Neue', Arial, 'Noto Sans', sans-serif, 'Apple Color Emoji', 'Segoe UI Emoji', 'Segoe UI Symbol', 'Noto Color Emoji'; font-size: 1rem;">Christian Zemp – E-Gitarre<br /></i><i style="font-family: -apple-system, BlinkMacSystemFont, 'Segoe UI', Roboto, 'Helvetica Neue', Arial, 'Noto Sans', sans-serif, 'Apple Color Emoji', 'Segoe UI Emoji', 'Segoe UI Symbol', 'Noto Color Emoji'; font-size: 1rem;">Judith Wegmann – Piano und Präparationen<br /></i><i style="font-family: -apple-system, BlinkMacSystemFont, 'Segoe UI', Roboto, 'Helvetica Neue', Arial, 'Noto Sans', sans-serif, 'Apple Color Emoji', 'Segoe UI Emoji', 'Segoe UI Symbol', 'Noto Color Emoji'; font-size: 1rem;">Stephan Hostettler – Visuelle Gestaltung und Video Installationen (Mechanismus)</i></p>
<p>In Performances mit extremen Spiellängen findet eine Reduktion auf das Wesentliche statt. „Die Zeit“ ist das, was die Musik von allen Künsten unterscheidet. Wenn man definieren sollte, was Musik ist, meine ich: „Die Zeit“ ist das Entscheidende: Jetzt, nachher, vorher, gleichzeitig, oft, selten, nie, immer. Und damit haben wir schon ein ganzes Werk. Dies steht bei unserer Performance im Zentrum. Es ist für uns eine prinzipielle Frage, in welchem zeitlichen Raum die Musik spielt. Zahlreiche Komponisten, Kunstschaffende, Philosophen und Theoretiker haben hier geforscht, recherchiert und über Jahrhunderte immer wieder neue Thesen erstellt.</p>
<p class="p3">Der Begriff „Zeit“ und seine einhergehende, direkte Auswirkung auf unser tägliches Erleben, ist im Positiven wie im Negativen ein beeinflussendes Element. Als ein von Menschenhand erfundenes Selbstkonstrukt, getaktet mit (fast) proportionalen Einheiten wie Jahr, Monat, Tag, Stunde, Minute, das uns mehrheitlich global vorschreibt wie man zu Leben und zu Denken hat.</p>
<p class="p1">Kaum erstaunlich daher, dass das Thema «Zeit» in philosophischen Essays, wissenschaftlichen Untersuchungen und populären Lebensratgebern immer wieder präsent ist. In der bildenden Kunst wie in der Musik spielen die Zeit und das Denken darüber eine wichtige Rolle.</p>
<p class="p1">Wir fünf Musiker/-Innen möchten dieser Frage nun in einer speziellen Performance gemeinsam auf den Grund gehen. Im Zentrum steht dabei <i>„das Zeit haben“</i>. – Zeit, in der wir verharren und der Langsamkeit Raum geben. Zeit für Musik, Bögen zu spannen und über 24 Stunden gemeinsam einen Klangraum zu erschaffen. Einerseits ist es ein Statement „sich Zeit nehmen“ und sich dem schnellen Wandel der heutigen Zeit einen Moment lang zu widersetzten. Heute, wo alles in einer Geschwindigkeit voranschreitet, und kaum ist etwas entstanden, wird es bereits weiter entwickelt oder verlischt und verschwindet. – Anderseits faszinieren uns die künstlerischen Aspekte und Fragen, denen wir auf den Grund gehen möchten.</p>
<p class="p1">Es wird eine Grenzerfahrung sein, die musikalisch wie körperlich eine Herausforderung stellen wird. Künstlerisch möchten wir dieses Extrem durchleben und ausloten.</p>
<p class="p1">Wir werden subtil mit viel Raum die Zeit in Musik verwandeln. Klänge in die Welt setzen, deren Schwingungen den leeren Raum vorübergehend „besetzen“, ehe sie wieder in die Stille – in das Verlöschen – zurückfallen.</p>
<p class="p1">Als Erfahrung in dieser Performance bietet das Thema „Zeit“ in der Musik immer wieder zurückblickende und neue Perspektiven. In unserem Werk wird Raum und Musik reflektiert. Zeitstrukturen, die sich aus der Beobachtung zu Bildern ergeben. „Zeit“ als solche besitzt keine Eigenschaften, sie ist Abstraktion des Vor- und Nacheinanders von Ereignissen und wird nur durch das Miterleben und Mitbewusstsein von Vorgängen konkret fassbar.</p>
<p class="p1">Will man Merkmale, Dimensionen und Bedingungen erlebter Zeit erkunden, dann ist Musik ein besonders geeignetes Phänomen: Sie gibt in ausgezeichneter Weise Aufschluss über Strukturierung und Weisen der Zeiterfahrung. Zeitlichkeit ist ein so wesentliches Merkmal von Musik, dass man sie häufig, „die Zeitkunst par excellence“ nennt. Durch ihren irreversiblen Verlauf scheint Live-Musik etwas Flüchtiges zu sein, sie hat nahezu besitzt sie etwas Phantomhaftes: Eine blosse Episode in der Zeit, davor nichts, danach nichts. Man kann sie nicht festhalten, sie verfliesst unweigerlich im Zeitstrom. Sie scheint nirgends zu sein, blosser Zeitfluss; weniger als ein Atemhauch, dessen Spuren man sehen kann.</p>
<p class="p4">„<i>Musik ist eine Reflexion der Zeit, in der sie entsteht.“  Zitat von Diana Ross</i></p>
								</div>
				</div>
					</div>
		</div>
				<div class="elementor-column elementor-col-50 elementor-top-column elementor-element elementor-element-6478c11f" data-id="6478c11f" data-element_type="column" data-e-type="column">
			<div class="elementor-widget-wrap elementor-element-populated">
							</div>
		</div>
					</div>
		</section>
				</div>
