{"id":1604,"date":"2020-04-23T11:36:57","date_gmt":"2020-04-23T09:36:57","guid":{"rendered":"https:\/\/lavoirie.ch\/event\/le-son-du-vent\/"},"modified":"2020-04-23T11:36:58","modified_gmt":"2020-04-23T09:36:58","slug":"le-son-du-vent","status":"publish","type":"event","link":"https:\/\/lavoirie.ch\/de\/event\/le-son-du-vent\/","title":{"rendered":"Le son du vent"},"content":{"rendered":"\t\t<div data-elementor-type=\"wp-post\" data-elementor-id=\"1604\" class=\"elementor elementor-1604 elementor-709\" data-elementor-post-type=\"event\">\n\t\t\t\t\t\t<section class=\"elementor-section elementor-top-section elementor-element elementor-element-6953bd87 elementor-section-stretched elementor-section-boxed elementor-section-height-default elementor-section-height-default\" data-id=\"6953bd87\" data-element_type=\"section\" data-e-type=\"section\" data-settings=\"{&quot;stretch_section&quot;:&quot;section-stretched&quot;}\">\n\t\t\t\t\t\t<div class=\"elementor-container elementor-column-gap-default\">\n\t\t\t\t\t<div class=\"elementor-column elementor-col-50 elementor-top-column elementor-element elementor-element-4f2e8644\" data-id=\"4f2e8644\" data-element_type=\"column\" data-e-type=\"column\" data-settings=\"{&quot;background_background&quot;:&quot;classic&quot;}\">\n\t\t\t<div class=\"elementor-widget-wrap elementor-element-populated\">\n\t\t\t\t\t\t<div class=\"elementor-element elementor-element-3d9ecd32 textcolor elementor-widget elementor-widget-theme-post-title elementor-page-title elementor-widget-heading\" data-id=\"3d9ecd32\" data-element_type=\"widget\" data-e-type=\"widget\" data-widget_type=\"theme-post-title.default\">\n\t\t\t\t<div class=\"elementor-widget-container\">\n\t\t\t\t\t<h1 class=\"elementor-heading-title elementor-size-default\">Le son du vent<\/h1>\t\t\t\t<\/div>\n\t\t\t\t<\/div>\n\t\t\t\t<div class=\"elementor-element elementor-element-510e3aaa elementor-widget__width-auto textcolor elementor-widget elementor-widget-heading\" data-id=\"510e3aaa\" data-element_type=\"widget\" data-e-type=\"widget\" data-widget_type=\"heading.default\">\n\t\t\t\t<div class=\"elementor-widget-container\">\n\t\t\t\t\t<h2 class=\"elementor-heading-title elementor-size-default\">04.04.2019<\/h2>\t\t\t\t<\/div>\n\t\t\t\t<\/div>\n\t\t\t\t<div class=\"elementor-element elementor-element-99bdf84 elementor-widget__width-auto textcolor elementor-widget elementor-widget-heading\" data-id=\"99bdf84\" data-element_type=\"widget\" data-e-type=\"widget\" data-widget_type=\"heading.default\">\n\t\t\t\t<div class=\"elementor-widget-container\">\n\t\t\t\t\t<h2 class=\"elementor-heading-title elementor-size-default\"> - 20:30:00<\/h2>\t\t\t\t<\/div>\n\t\t\t\t<\/div>\n\t\t\t\t<div class=\"elementor-element elementor-element-12f290b2 elementor-widget__width-auto textcolor elementor-widget elementor-widget-heading\" data-id=\"12f290b2\" data-element_type=\"widget\" data-e-type=\"widget\" data-widget_type=\"heading.default\">\n\t\t\t\t<div class=\"elementor-widget-container\">\n\t\t\t\t\t<h2 class=\"elementor-heading-title elementor-size-default\"><a href=\"https:\/\/lavoirie.ch\/de\/category\/konzert\/\" rel=\"tag\">Konzert<\/a><\/h2>\t\t\t\t<\/div>\n\t\t\t\t<\/div>\n\t\t\t\t<div class=\"elementor-element elementor-element-25acc727 textcolor elementor-widget elementor-widget-text-editor\" data-id=\"25acc727\" data-element_type=\"widget\" data-e-type=\"widget\" data-widget_type=\"text-editor.default\">\n\t\t\t\t<div class=\"elementor-widget-container\">\n\t\t\t\t\t\t\t\t\t<p>Jazz fusion<\/p>\n\t\t\t\t\t\t\t\t<\/div>\n\t\t\t\t<\/div>\n\t\t\t\t<div class=\"elementor-element elementor-element-055d7ba textcolor elementor-widget elementor-widget-text-editor\" data-id=\"055d7ba\" data-element_type=\"widget\" data-e-type=\"widget\" data-widget_type=\"text-editor.default\">\n\t\t\t\t<div class=\"elementor-widget-container\">\n\t\t\t\t\t\t\t\t\t<p class=\"p3\"><b>Lucien Dubuis\u00a0<\/b>(CH) Bass Clarinet\u00a0<br \/><b style=\"font-family: -apple-system, BlinkMacSystemFont, 'Segoe UI', Roboto, 'Helvetica Neue', Arial, 'Noto Sans', sans-serif, 'Apple Color Emoji', 'Segoe UI Emoji', 'Segoe UI Symbol', 'Noto Color Emoji'; font-size: 1rem;\">Jacques Bouduban<\/b><span style=\"font-family: -apple-system, BlinkMacSystemFont, 'Segoe UI', Roboto, 'Helvetica Neue', Arial, 'Noto Sans', sans-serif, 'Apple Color Emoji', 'Segoe UI Emoji', 'Segoe UI Symbol', 'Noto Color Emoji'; font-size: 1rem;\"> (CH)\u00a0Cello<br \/><\/span><b style=\"font-family: -apple-system, BlinkMacSystemFont, 'Segoe UI', Roboto, 'Helvetica Neue', Arial, 'Noto Sans', sans-serif, 'Apple Color Emoji', 'Segoe UI Emoji', 'Segoe UI Symbol', 'Noto Color Emoji'; font-size: 1rem;\">Hamid Khadiri<\/b><span style=\"font-family: -apple-system, BlinkMacSystemFont, 'Segoe UI', Roboto, 'Helvetica Neue', Arial, 'Noto Sans', sans-serif, 'Apple Color Emoji', 'Segoe UI Emoji', 'Segoe UI Symbol', 'Noto Color Emoji'; font-size: 1rem;\">\u00a0(MA\/CH)\u00a0Perc\u00a0\u00a0<\/span><\/p>\n<p class=\"p3\">Das Projekt\u00a0Le son du vent\u00a0ist 2014 durch die Suche nach einer Verbindung zwischen der Polyrhythmik Nordafrikas und des Orients und den sanften, zur Harmonie neigenden Kl\u00e4ngen des Violoncello entstanden. Die Blasinstrumente bringen einen w\u00fcrzigen und lyrischen Sound mit und erg\u00e4nzen die beiden Instrumente facettenreich. Die drei Musiker\u00a0teilen die Leidenschaft, verschiedene Musikstile zu verbinden oder ganz auf den Stil zu verzichten und die Musik an sich erz\u00e4hlen zu lassen. Nach\u00a0einer intensiven Zeit gemeinsamer Improvisationen hat sich ein eigener Charakter entwickelt und konkrete St\u00fccke sind entstanden, wobei die Improvisation weiterhin ihren wichtigen Platz beibeh\u00e4lt.<\/p>\n<p class=\"p4\"><span class=\"s2\">\u00a0<\/span><\/p>\n<p class=\"p3\">Die Musik von\u00a0Le son du vent\u00a0spielt mit dem Wechsel zwischen dem Kontrast der unterschiedlichen\u00a0Instrumente und ihrer gemeinsamen Harmonie und Rhythmik. Der Mut zur Stille und Einfachheit und der Durchbruch in die Virtuosit\u00e4t und Polyrhythmik gibt dem Projekt seine\u00a0Einzigartigkeit. Die Zuh\u00f6rerinnen und Zuh\u00f6rer werden auf eine Reise mitgenommen, wo die Kl\u00e4nge Geschichten erz\u00e4hlen. \u00a0<\/p>\n<p class=\"p3\">Es ist die Melancholie im Winde zu h\u00f6ren; die Trauer der Einsamkeit; die pure Lebensfreude. Sph\u00e4rische Minimalmusik wechselt sich ab mit schnellen Rhythmen, eine Prise Jazz w\u00fcrzt das Ganze ab. Die Mischung der drei\u00a0ungew\u00f6hnlichen Instrumente und Frequenzen l\u00e4sst einen Sound entstehen, der schwierig in eine bestimmte Richtung einzuordnen ist. Schlussendlich ist Jazz fusion wohl\u00a0der zutreffendste Ausdruck.<\/p>\n\t\t\t\t\t\t\t\t<\/div>\n\t\t\t\t<\/div>\n\t\t\t\t<div class=\"elementor-element elementor-element-77727335 elementor-align-left textcolor elementor-widget elementor-widget-button\" data-id=\"77727335\" data-element_type=\"widget\" data-e-type=\"widget\" data-widget_type=\"button.default\">\n\t\t\t\t<div class=\"elementor-widget-container\">\n\t\t\t\t\t\t\t\t\t<div class=\"elementor-button-wrapper\">\n\t\t\t\t\t<a class=\"elementor-button elementor-button-link elementor-size-sm\" href=\"https:\/\/www.hamidkhadiri.ch\/\" target=\"_blank\">\n\t\t\t\t\t\t<span class=\"elementor-button-content-wrapper\">\n\t\t\t\t\t\t\t\t\t<span class=\"elementor-button-text\">www.hamidkhadiri.ch<\/span>\n\t\t\t\t\t<\/span>\n\t\t\t\t\t<\/a>\n\t\t\t\t<\/div>\n\t\t\t\t\t\t\t\t<\/div>\n\t\t\t\t<\/div>\n\t\t\t\t\t<\/div>\n\t\t<\/div>\n\t\t\t\t<div class=\"elementor-column elementor-col-50 elementor-top-column elementor-element elementor-element-17752514\" data-id=\"17752514\" data-element_type=\"column\" data-e-type=\"column\">\n\t\t\t<div class=\"elementor-widget-wrap elementor-element-populated\">\n\t\t\t\t\t\t\t<\/div>\n\t\t<\/div>\n\t\t\t\t\t<\/div>\n\t\t<\/section>\n\t\t\t\t<\/div>\n\t\t","protected":false},"featured_media":0,"template":"","categories":[27],"class_list":["post-1604","event","type-event","status-publish","hentry","category-konzert"],"acf":[],"_links":{"self":[{"href":"https:\/\/lavoirie.ch\/de\/wp-json\/wp\/v2\/event\/1604","targetHints":{"allow":["GET"]}}],"collection":[{"href":"https:\/\/lavoirie.ch\/de\/wp-json\/wp\/v2\/event"}],"about":[{"href":"https:\/\/lavoirie.ch\/de\/wp-json\/wp\/v2\/types\/event"}],"version-history":[{"count":1,"href":"https:\/\/lavoirie.ch\/de\/wp-json\/wp\/v2\/event\/1604\/revisions"}],"predecessor-version":[{"id":1605,"href":"https:\/\/lavoirie.ch\/de\/wp-json\/wp\/v2\/event\/1604\/revisions\/1605"}],"wp:attachment":[{"href":"https:\/\/lavoirie.ch\/de\/wp-json\/wp\/v2\/media?parent=1604"}],"wp:term":[{"taxonomy":"category","embeddable":true,"href":"https:\/\/lavoirie.ch\/de\/wp-json\/wp\/v2\/categories?post=1604"}],"curies":[{"name":"wp","href":"https:\/\/api.w.org\/{rel}","templated":true}]}}

<div data-elementor-type="wp-post" data-elementor-id="1604" class="elementor elementor-1604 elementor-709" data-elementor-post-type="event">
						<section class="elementor-section elementor-top-section elementor-element elementor-element-6953bd87 elementor-section-stretched elementor-section-boxed elementor-section-height-default elementor-section-height-default" data-id="6953bd87" data-element_type="section" data-e-type="section" data-settings="{&quot;stretch_section&quot;:&quot;section-stretched&quot;}">
						<div class="elementor-container elementor-column-gap-default">
					<div class="elementor-column elementor-col-50 elementor-top-column elementor-element elementor-element-4f2e8644" data-id="4f2e8644" data-element_type="column" data-e-type="column" data-settings="{&quot;background_background&quot;:&quot;classic&quot;}">
			<div class="elementor-widget-wrap elementor-element-populated">
						<div class="elementor-element elementor-element-3d9ecd32 textcolor elementor-widget elementor-widget-theme-post-title elementor-page-title elementor-widget-heading" data-id="3d9ecd32" data-element_type="widget" data-e-type="widget" data-widget_type="theme-post-title.default">
				<div class="elementor-widget-container">
					<h1 class="elementor-heading-title elementor-size-default">Le son du vent</h1>				</div>
				</div>
				<div class="elementor-element elementor-element-510e3aaa elementor-widget__width-auto textcolor elementor-widget elementor-widget-heading" data-id="510e3aaa" data-element_type="widget" data-e-type="widget" data-widget_type="heading.default">
				<div class="elementor-widget-container">
					<h2 class="elementor-heading-title elementor-size-default">04.04.2019</h2>				</div>
				</div>
				<div class="elementor-element elementor-element-99bdf84 elementor-widget__width-auto textcolor elementor-widget elementor-widget-heading" data-id="99bdf84" data-element_type="widget" data-e-type="widget" data-widget_type="heading.default">
				<div class="elementor-widget-container">
					<h2 class="elementor-heading-title elementor-size-default"> - 20:30:00</h2>				</div>
				</div>
				<div class="elementor-element elementor-element-12f290b2 elementor-widget__width-auto textcolor elementor-widget elementor-widget-heading" data-id="12f290b2" data-element_type="widget" data-e-type="widget" data-widget_type="heading.default">
				<div class="elementor-widget-container">
					<h2 class="elementor-heading-title elementor-size-default"><a href="https://lavoirie.ch/de/category/konzert/" rel="tag">Konzert</a></h2>				</div>
				</div>
				<div class="elementor-element elementor-element-25acc727 textcolor elementor-widget elementor-widget-text-editor" data-id="25acc727" data-element_type="widget" data-e-type="widget" data-widget_type="text-editor.default">
				<div class="elementor-widget-container">
									<p>Jazz fusion</p>
								</div>
				</div>
				<div class="elementor-element elementor-element-055d7ba textcolor elementor-widget elementor-widget-text-editor" data-id="055d7ba" data-element_type="widget" data-e-type="widget" data-widget_type="text-editor.default">
				<div class="elementor-widget-container">
									<p class="p3"><b>Lucien Dubuis </b>(CH) Bass Clarinet <br /><b style="font-family: -apple-system, BlinkMacSystemFont, 'Segoe UI', Roboto, 'Helvetica Neue', Arial, 'Noto Sans', sans-serif, 'Apple Color Emoji', 'Segoe UI Emoji', 'Segoe UI Symbol', 'Noto Color Emoji'; font-size: 1rem;">Jacques Bouduban</b><span style="font-family: -apple-system, BlinkMacSystemFont, 'Segoe UI', Roboto, 'Helvetica Neue', Arial, 'Noto Sans', sans-serif, 'Apple Color Emoji', 'Segoe UI Emoji', 'Segoe UI Symbol', 'Noto Color Emoji'; font-size: 1rem;"> (CH) Cello<br /></span><b style="font-family: -apple-system, BlinkMacSystemFont, 'Segoe UI', Roboto, 'Helvetica Neue', Arial, 'Noto Sans', sans-serif, 'Apple Color Emoji', 'Segoe UI Emoji', 'Segoe UI Symbol', 'Noto Color Emoji'; font-size: 1rem;">Hamid Khadiri</b><span style="font-family: -apple-system, BlinkMacSystemFont, 'Segoe UI', Roboto, 'Helvetica Neue', Arial, 'Noto Sans', sans-serif, 'Apple Color Emoji', 'Segoe UI Emoji', 'Segoe UI Symbol', 'Noto Color Emoji'; font-size: 1rem;"> (MA/CH) Perc  </span></p>
<p class="p3">Das Projekt Le son du vent ist 2014 durch die Suche nach einer Verbindung zwischen der Polyrhythmik Nordafrikas und des Orients und den sanften, zur Harmonie neigenden Klängen des Violoncello entstanden. Die Blasinstrumente bringen einen würzigen und lyrischen Sound mit und ergänzen die beiden Instrumente facettenreich. Die drei Musiker teilen die Leidenschaft, verschiedene Musikstile zu verbinden oder ganz auf den Stil zu verzichten und die Musik an sich erzählen zu lassen. Nach einer intensiven Zeit gemeinsamer Improvisationen hat sich ein eigener Charakter entwickelt und konkrete Stücke sind entstanden, wobei die Improvisation weiterhin ihren wichtigen Platz beibehält.</p>
<p class="p4"><span class="s2"> </span></p>
<p class="p3">Die Musik von Le son du vent spielt mit dem Wechsel zwischen dem Kontrast der unterschiedlichen Instrumente und ihrer gemeinsamen Harmonie und Rhythmik. Der Mut zur Stille und Einfachheit und der Durchbruch in die Virtuosität und Polyrhythmik gibt dem Projekt seine Einzigartigkeit. Die Zuhörerinnen und Zuhörer werden auf eine Reise mitgenommen, wo die Klänge Geschichten erzählen.  </p>
<p class="p3">Es ist die Melancholie im Winde zu hören; die Trauer der Einsamkeit; die pure Lebensfreude. Sphärische Minimalmusik wechselt sich ab mit schnellen Rhythmen, eine Prise Jazz würzt das Ganze ab. Die Mischung der drei ungewöhnlichen Instrumente und Frequenzen lässt einen Sound entstehen, der schwierig in eine bestimmte Richtung einzuordnen ist. Schlussendlich ist Jazz fusion wohl der zutreffendste Ausdruck.</p>
								</div>
				</div>
				<div class="elementor-element elementor-element-77727335 elementor-align-left textcolor elementor-widget elementor-widget-button" data-id="77727335" data-element_type="widget" data-e-type="widget" data-widget_type="button.default">
				<div class="elementor-widget-container">
									<div class="elementor-button-wrapper">
					<a class="elementor-button elementor-button-link elementor-size-sm" href="https://www.hamidkhadiri.ch/" target="_blank">
						<span class="elementor-button-content-wrapper">
									<span class="elementor-button-text">www.hamidkhadiri.ch</span>
					</span>
					</a>
				</div>
								</div>
				</div>
					</div>
		</div>
				<div class="elementor-column elementor-col-50 elementor-top-column elementor-element elementor-element-17752514" data-id="17752514" data-element_type="column" data-e-type="column">
			<div class="elementor-widget-wrap elementor-element-populated">
							</div>
		</div>
					</div>
		</section>
				</div>
