{"id":5690,"date":"2023-10-18T16:43:17","date_gmt":"2023-10-18T14:43:17","guid":{"rendered":"https:\/\/lavoirie.ch\/event\/the-propblem-of-the-base\/"},"modified":"2023-10-19T09:53:40","modified_gmt":"2023-10-19T07:53:40","slug":"the-propblem-of-the-base","status":"publish","type":"event","link":"https:\/\/lavoirie.ch\/de\/event\/the-propblem-of-the-base\/","title":{"rendered":"The PROPblem of the base"},"content":{"rendered":"\t\t<div data-elementor-type=\"wp-post\" data-elementor-id=\"5690\" class=\"elementor elementor-5690 elementor-5674\" data-elementor-post-type=\"event\">\n\t\t\t\t\t\t<section class=\"elementor-section elementor-top-section elementor-element elementor-element-33b07625 elementor-section-stretched elementor-section-boxed elementor-section-height-default elementor-section-height-default\" data-id=\"33b07625\" data-element_type=\"section\" data-e-type=\"section\" data-settings=\"{&quot;stretch_section&quot;:&quot;section-stretched&quot;}\">\n\t\t\t\t\t\t<div class=\"elementor-container elementor-column-gap-default\">\n\t\t\t\t\t<div class=\"elementor-column elementor-col-50 elementor-top-column elementor-element elementor-element-82c83dc\" data-id=\"82c83dc\" data-element_type=\"column\" data-e-type=\"column\" data-settings=\"{&quot;background_background&quot;:&quot;classic&quot;}\">\n\t\t\t<div class=\"elementor-widget-wrap elementor-element-populated\">\n\t\t\t\t\t\t<div class=\"elementor-element elementor-element-26045f4a textcolor elementor-widget elementor-widget-theme-post-title elementor-page-title elementor-widget-heading\" data-id=\"26045f4a\" data-element_type=\"widget\" data-e-type=\"widget\" data-widget_type=\"theme-post-title.default\">\n\t\t\t\t<div class=\"elementor-widget-container\">\n\t\t\t\t\t<h1 class=\"elementor-heading-title elementor-size-default\">The PROPblem of the base<\/h1>\t\t\t\t<\/div>\n\t\t\t\t<\/div>\n\t\t\t\t<div class=\"elementor-element elementor-element-34bf436e elementor-widget__width-auto textcolor elementor-widget elementor-widget-heading\" data-id=\"34bf436e\" data-element_type=\"widget\" data-e-type=\"widget\" data-widget_type=\"heading.default\">\n\t\t\t\t<div class=\"elementor-widget-container\">\n\t\t\t\t\t<h2 class=\"elementor-heading-title elementor-size-default\">02.11.2023<\/h2>\t\t\t\t<\/div>\n\t\t\t\t<\/div>\n\t\t\t\t<div class=\"elementor-element elementor-element-205fcd8 elementor-widget__width-initial textcolor elementor-widget elementor-widget-heading\" data-id=\"205fcd8\" data-element_type=\"widget\" data-e-type=\"widget\" data-widget_type=\"heading.default\">\n\t\t\t\t<div class=\"elementor-widget-container\">\n\t\t\t\t\t<h2 class=\"elementor-heading-title elementor-size-default\"><a href=\"https:\/\/lavoirie.ch\/de\/category\/ausstellung\/\" rel=\"tag\">Ausstellung<\/a><\/h2>\t\t\t\t<\/div>\n\t\t\t\t<\/div>\n\t\t\t\t<div class=\"elementor-element elementor-element-12d79a43 textcolor elementor-widget elementor-widget-text-editor\" data-id=\"12d79a43\" data-element_type=\"widget\" data-e-type=\"widget\" data-widget_type=\"text-editor.default\">\n\t\t\t\t<div class=\"elementor-widget-container\">\n\t\t\t\t\t\t\t\t\t<p>Prop\u00e4deutikum Biel\/Bienne SfGBB<\/p>\n\t\t\t\t\t\t\t\t<\/div>\n\t\t\t\t<\/div>\n\t\t\t\t<div class=\"elementor-element elementor-element-2c6fc97a textcolor elementor-widget elementor-widget-text-editor\" data-id=\"2c6fc97a\" data-element_type=\"widget\" data-e-type=\"widget\" data-widget_type=\"text-editor.default\">\n\t\t\t\t<div class=\"elementor-widget-container\">\n\t\t\t\t\t\t\t\t\t<p>Die Art der Pr\u00e4sentation einer Plastik ist entscheidend f\u00fcr ihre Wirkung. Deshalb wurde diesem Bereich stets gro\u00dfe Beachtung geschenkt. Es galt als unumg\u00e4nglich, Plastiken auf einem Sockel zu pr\u00e4sentieren. <\/p>\n<p>Dies diente nicht nur dem Schutz des Werkes, sondern auch einer \u00dcberh\u00f6hung seiner Wertigkeit, da es dem Betrachter\/der Betrachterin eine Untersicht aufzwang. Die Plastik empfand er dadurch als bedeutsam und ihm \u00fcberlegen. <\/p>\n<p>Die Fl\u00e4chen eines hohen Sockels konnten genutzt werden, um in Form eines Reliefs oder in Form von halb- bis voll runden Plastiken weitere Informationen \u00fcber das Dargestellte zu vermitteln. Jedoch blieb die Statue dabei stets der wichtigere Aspekt.<\/p>\n<p>Im Rahmen des Basis-Unterrichts am Prop\u00e4deutikum Biel\/Bienne haben die Studentinnen und Studenten einen Sockel f\u00fcr einen verlorenen Gegenstand geschaffen &#8211; der Sockel wird somit zur eigentlichen Plastik. In der Voirie werden die entstanden Sockel gemeinsam ausgestellt &#8211; wobei sich nun die Frage stellt: brauchen diese Sockel-Skulpturen wiederum einen Sockel? Und wenn ja, in welcher Form?<\/p>\n<p><strong>\u00d6ffnungszeiten : 17h-21h<\/p>\n\t\t\t\t\t\t\t\t<\/div>\n\t\t\t\t<\/div>\n\t\t\t\t\t<\/div>\n\t\t<\/div>\n\t\t\t\t<div class=\"elementor-column elementor-col-50 elementor-top-column elementor-element elementor-element-76560697\" data-id=\"76560697\" data-element_type=\"column\" data-e-type=\"column\">\n\t\t\t<div class=\"elementor-widget-wrap elementor-element-populated\">\n\t\t\t\t\t\t<div class=\"elementor-element elementor-element-26c915f2 elementor-widget elementor-widget-image\" data-id=\"26c915f2\" data-element_type=\"widget\" data-e-type=\"widget\" data-widget_type=\"image.default\">\n\t\t\t\t<div class=\"elementor-widget-container\">\n\t\t\t\t\t\t\t\t\t\t\t\t\t\t\t<img fetchpriority=\"high\" decoding=\"async\" width=\"480\" height=\"480\" src=\"https:\/\/lavoirie.ch\/wp-content\/uploads\/2023\/10\/illuminated-pedestal_1459-2347.jpeg\" class=\"attachment-medium_large size-medium_large wp-image-5678\" alt=\"\" srcset=\"https:\/\/lavoirie.ch\/wp-content\/uploads\/2023\/10\/illuminated-pedestal_1459-2347.jpeg 480w, https:\/\/lavoirie.ch\/wp-content\/uploads\/2023\/10\/illuminated-pedestal_1459-2347-300x300.jpeg 300w, https:\/\/lavoirie.ch\/wp-content\/uploads\/2023\/10\/illuminated-pedestal_1459-2347-150x150.jpeg 150w\" sizes=\"(max-width: 480px) 100vw, 480px\" \/>\t\t\t\t\t\t\t\t\t\t\t\t\t\t\t<\/div>\n\t\t\t\t<\/div>\n\t\t\t\t\t<\/div>\n\t\t<\/div>\n\t\t\t\t\t<\/div>\n\t\t<\/section>\n\t\t\t\t<\/div>\n\t\t","protected":false},"featured_media":5678,"template":"","categories":[29],"class_list":["post-5690","event","type-event","status-publish","has-post-thumbnail","hentry","category-ausstellung"],"acf":[],"_links":{"self":[{"href":"https:\/\/lavoirie.ch\/de\/wp-json\/wp\/v2\/event\/5690","targetHints":{"allow":["GET"]}}],"collection":[{"href":"https:\/\/lavoirie.ch\/de\/wp-json\/wp\/v2\/event"}],"about":[{"href":"https:\/\/lavoirie.ch\/de\/wp-json\/wp\/v2\/types\/event"}],"version-history":[{"count":6,"href":"https:\/\/lavoirie.ch\/de\/wp-json\/wp\/v2\/event\/5690\/revisions"}],"predecessor-version":[{"id":5719,"href":"https:\/\/lavoirie.ch\/de\/wp-json\/wp\/v2\/event\/5690\/revisions\/5719"}],"wp:featuredmedia":[{"embeddable":true,"href":"https:\/\/lavoirie.ch\/de\/wp-json\/wp\/v2\/media\/5678"}],"wp:attachment":[{"href":"https:\/\/lavoirie.ch\/de\/wp-json\/wp\/v2\/media?parent=5690"}],"wp:term":[{"taxonomy":"category","embeddable":true,"href":"https:\/\/lavoirie.ch\/de\/wp-json\/wp\/v2\/categories?post=5690"}],"curies":[{"name":"wp","href":"https:\/\/api.w.org\/{rel}","templated":true}]}}

<div data-elementor-type="wp-post" data-elementor-id="5690" class="elementor elementor-5690 elementor-5674" data-elementor-post-type="event">
						<section class="elementor-section elementor-top-section elementor-element elementor-element-33b07625 elementor-section-stretched elementor-section-boxed elementor-section-height-default elementor-section-height-default" data-id="33b07625" data-element_type="section" data-e-type="section" data-settings="{&quot;stretch_section&quot;:&quot;section-stretched&quot;}">
						<div class="elementor-container elementor-column-gap-default">
					<div class="elementor-column elementor-col-50 elementor-top-column elementor-element elementor-element-82c83dc" data-id="82c83dc" data-element_type="column" data-e-type="column" data-settings="{&quot;background_background&quot;:&quot;classic&quot;}">
			<div class="elementor-widget-wrap elementor-element-populated">
						<div class="elementor-element elementor-element-26045f4a textcolor elementor-widget elementor-widget-theme-post-title elementor-page-title elementor-widget-heading" data-id="26045f4a" data-element_type="widget" data-e-type="widget" data-widget_type="theme-post-title.default">
				<div class="elementor-widget-container">
					<h1 class="elementor-heading-title elementor-size-default">The PROPblem of the base</h1>				</div>
				</div>
				<div class="elementor-element elementor-element-34bf436e elementor-widget__width-auto textcolor elementor-widget elementor-widget-heading" data-id="34bf436e" data-element_type="widget" data-e-type="widget" data-widget_type="heading.default">
				<div class="elementor-widget-container">
					<h2 class="elementor-heading-title elementor-size-default">02.11.2023</h2>				</div>
				</div>
				<div class="elementor-element elementor-element-205fcd8 elementor-widget__width-initial textcolor elementor-widget elementor-widget-heading" data-id="205fcd8" data-element_type="widget" data-e-type="widget" data-widget_type="heading.default">
				<div class="elementor-widget-container">
					<h2 class="elementor-heading-title elementor-size-default"><a href="https://lavoirie.ch/de/category/ausstellung/" rel="tag">Ausstellung</a></h2>				</div>
				</div>
				<div class="elementor-element elementor-element-12d79a43 textcolor elementor-widget elementor-widget-text-editor" data-id="12d79a43" data-element_type="widget" data-e-type="widget" data-widget_type="text-editor.default">
				<div class="elementor-widget-container">
									<p>Propädeutikum Biel/Bienne SfGBB</p>
								</div>
				</div>
				<div class="elementor-element elementor-element-2c6fc97a textcolor elementor-widget elementor-widget-text-editor" data-id="2c6fc97a" data-element_type="widget" data-e-type="widget" data-widget_type="text-editor.default">
				<div class="elementor-widget-container">
									<p>Die Art der Präsentation einer Plastik ist entscheidend für ihre Wirkung. Deshalb wurde diesem Bereich stets große Beachtung geschenkt. Es galt als unumgänglich, Plastiken auf einem Sockel zu präsentieren. </p>
<p>Dies diente nicht nur dem Schutz des Werkes, sondern auch einer Überhöhung seiner Wertigkeit, da es dem Betrachter/der Betrachterin eine Untersicht aufzwang. Die Plastik empfand er dadurch als bedeutsam und ihm überlegen. </p>
<p>Die Flächen eines hohen Sockels konnten genutzt werden, um in Form eines Reliefs oder in Form von halb- bis voll runden Plastiken weitere Informationen über das Dargestellte zu vermitteln. Jedoch blieb die Statue dabei stets der wichtigere Aspekt.</p>
<p>Im Rahmen des Basis-Unterrichts am Propädeutikum Biel/Bienne haben die Studentinnen und Studenten einen Sockel für einen verlorenen Gegenstand geschaffen &#8211; der Sockel wird somit zur eigentlichen Plastik. In der Voirie werden die entstanden Sockel gemeinsam ausgestellt &#8211; wobei sich nun die Frage stellt: brauchen diese Sockel-Skulpturen wiederum einen Sockel? Und wenn ja, in welcher Form?</p>
<p><strong>Öffnungszeiten : 17h-21h</p>
								</div>
				</div>
					</div>
		</div>
				<div class="elementor-column elementor-col-50 elementor-top-column elementor-element elementor-element-76560697" data-id="76560697" data-element_type="column" data-e-type="column">
			<div class="elementor-widget-wrap elementor-element-populated">
						<div class="elementor-element elementor-element-26c915f2 elementor-widget elementor-widget-image" data-id="26c915f2" data-element_type="widget" data-e-type="widget" data-widget_type="image.default">
				<div class="elementor-widget-container">
															<img fetchpriority="high" decoding="async" width="480" height="480" src="https://lavoirie.ch/wp-content/uploads/2023/10/illuminated-pedestal_1459-2347.jpeg" class="attachment-medium_large size-medium_large wp-image-5678" alt="" srcset="https://lavoirie.ch/wp-content/uploads/2023/10/illuminated-pedestal_1459-2347.jpeg 480w, https://lavoirie.ch/wp-content/uploads/2023/10/illuminated-pedestal_1459-2347-300x300.jpeg 300w, https://lavoirie.ch/wp-content/uploads/2023/10/illuminated-pedestal_1459-2347-150x150.jpeg 150w" sizes="(max-width: 480px) 100vw, 480px" />															</div>
				</div>
					</div>
		</div>
					</div>
		</section>
				</div>
