{"id":5950,"date":"2024-02-07T15:59:10","date_gmt":"2024-02-07T14:59:10","guid":{"rendered":"https:\/\/lavoirie.ch\/event\/neophyten\/"},"modified":"2024-02-28T10:06:15","modified_gmt":"2024-02-28T09:06:15","slug":"neophyten","status":"publish","type":"event","link":"https:\/\/lavoirie.ch\/de\/event\/neophyten\/","title":{"rendered":"Neophyten"},"content":{"rendered":"\t\t<div data-elementor-type=\"wp-post\" data-elementor-id=\"5950\" class=\"elementor elementor-5950 elementor-5938\" data-elementor-post-type=\"event\">\n\t\t\t\t\t\t<section class=\"elementor-section elementor-top-section elementor-element elementor-element-29c258ae elementor-section-stretched elementor-section-boxed elementor-section-height-default elementor-section-height-default\" data-id=\"29c258ae\" data-element_type=\"section\" data-e-type=\"section\" data-settings=\"{&quot;stretch_section&quot;:&quot;section-stretched&quot;}\">\n\t\t\t\t\t\t<div class=\"elementor-container elementor-column-gap-default\">\n\t\t\t\t\t<div class=\"elementor-column elementor-col-50 elementor-top-column elementor-element elementor-element-24a2d6\" data-id=\"24a2d6\" data-element_type=\"column\" data-e-type=\"column\" data-settings=\"{&quot;background_background&quot;:&quot;classic&quot;}\">\n\t\t\t<div class=\"elementor-widget-wrap elementor-element-populated\">\n\t\t\t\t\t\t<div class=\"elementor-element elementor-element-38d47431 textcolor elementor-widget elementor-widget-theme-post-title elementor-page-title elementor-widget-heading\" data-id=\"38d47431\" data-element_type=\"widget\" data-e-type=\"widget\" data-widget_type=\"theme-post-title.default\">\n\t\t\t\t<div class=\"elementor-widget-container\">\n\t\t\t\t\t<h1 class=\"elementor-heading-title elementor-size-default\">Neophyten<\/h1>\t\t\t\t<\/div>\n\t\t\t\t<\/div>\n\t\t\t\t<div class=\"elementor-element elementor-element-65ba0e1e elementor-widget__width-auto textcolor elementor-widget elementor-widget-heading\" data-id=\"65ba0e1e\" data-element_type=\"widget\" data-e-type=\"widget\" data-widget_type=\"heading.default\">\n\t\t\t\t<div class=\"elementor-widget-container\">\n\t\t\t\t\t<h2 class=\"elementor-heading-title elementor-size-default\">05.03.2024<\/h2>\t\t\t\t<\/div>\n\t\t\t\t<\/div>\n\t\t\t\t<div class=\"elementor-element elementor-element-7a2d9f2 elementor-widget__width-auto textcolor elementor-widget elementor-widget-heading\" data-id=\"7a2d9f2\" data-element_type=\"widget\" data-e-type=\"widget\" data-widget_type=\"heading.default\">\n\t\t\t\t<div class=\"elementor-widget-container\">\n\t\t\t\t\t<h2 class=\"elementor-heading-title elementor-size-default\"><a href=\"https:\/\/lavoirie.ch\/de\/category\/konzert\/\" rel=\"tag\">Konzert<\/a><\/h2>\t\t\t\t<\/div>\n\t\t\t\t<\/div>\n\t\t\t\t<div class=\"elementor-element elementor-element-21ca2f5a textcolor elementor-widget__width-initial elementor-widget elementor-widget-text-editor\" data-id=\"21ca2f5a\" data-element_type=\"widget\" data-e-type=\"widget\" data-widget_type=\"text-editor.default\">\n\t\t\t\t<div class=\"elementor-widget-container\">\n\t\t\t\t\t\t\t\t\t<p>Liederzyklus von <strong>UMS&#8217;nJIP<\/strong> f\u00fcr Stimme, Blockfl\u00f6ten, Perkussion und Elektronik (2023) nach dem gleichnamigen Gedichtzyklus von Rolf Hermann aus dem Gedichtband \u201eIn der Nahaufnahme verwildern wir\u201c (2021).<\/p>\n<p>Mitwirkende:<br \/>\nLuis Tabuenca, Perkussion<\/p>\n<p>(Von UMS\u2019nJIP:)<br \/>\nUlrike Mayer-Spohn, Blockfl\u00f6ten\/Elektronik<br \/>\nJavier Hagen, Stimme\/Elektronik<\/p>\n<p>&#8222;Am Ende bleibt die Natur und das, was wir vielleicht als die Ekstase der W\u00f6rter bezeichnen k\u00f6nnen \u2013 die Dichtung.\u201c (Rolf Hermann)<\/p>\n<p><strong>UMS&#8217;nJIP&#8217;s neophyten<\/strong> ist ein Liederzyklus f\u00fcr Stimme, Blockfl\u00f6ten, Perkussion und Elektronik, der zusammen mit dem spanischen Perkussionisten und Komponisten Luis Tabuenca (Barcelona) auf Anregung von Rolf Hermann, einem langj\u00e4hrigen k\u00fcnstlerischen Weggef\u00e4hrten von UMS&#8217;nJIP, entstanden ist. Wild wuchernd, geradezu vegetativ berauschend springt uns Rolf Hermanns Zyklus neophyten an, mit dem er auf Rilkes &#8222;Les Roses&#8220; antwortet &#8211; urt\u00fcmlich, kraftvoll, z\u00e4h und r\u00e4tselhaft. Oder um Beat Mazenauer zu zitieren: &#8222;Die Sprache (&#8230;) beginnt zu verwildern, sie samt Silben ab und formt sie zu neuen Worten, findet sich zu Bildern, die neophyt und ungewohnt, vital und frisch sind. Die Nahaufnahme, der konzentrierte Blick stellt auf die glatte Oberfl\u00e4che scharf und nimmt so erst deren raue Struktur wahr.\u201c <\/p>\n<p>Heraus kommt eine zeitlich und in klaren Abschnitten strukturierte dramaturgische Grossform, in welcher sich die gesprochene Sprache sinnlich, situativ und ausgesprochen sensibel\/fragil aus instrumentalen Klangfeldern heraus, aus einer Ursuppe sozusagen, Schicht um Schicht sch\u00e4lt, um sich in einen virtuellen &#8211; klanglich gesprochen: in einen voraufgenommenen Raum &#8211; einem bedruckten Blatt gleich, zu begeben. So wie Rolf Hermanns Wunsch: \u201edie Sinnlichkeit und die Verletzlichkeit der Welt in Worten erfahrbar zu machen\u201c gesellt sich zu ihm der unsrige, dieselbe Sinnlichkeit und Verletzlichkeit nun auch in Kl\u00e4ngen erfahrbar zu machen.<\/p>\n<p><strong>UMS&#8217;nJIP<\/strong> sind eines der profiliertesten Ensembles f\u00fcr Neue Musik der Gegenwart und weltweit an den bedeutendsten Konzertst\u00e4tten f\u00fcr Neue Musik zuhause (Teatro Col\u00f3n Buenos Aires, Liceu Barcelona, Steghi Athen, Palacio de Bellas Artes Mexico City, Biennale Musica Venezia). \u00dcber 1300 Konzerte, 300 Urauff\u00fchrungen in 40 L\u00e4ndern und mehr als 35 internationale Preise s\u00e4umen ihren musikalischen Weg. <\/p>\n<p>Beginn des Konzerts: 20.00 Uhr.<\/p>\n<p>Dauer: ca. 90min. <\/p>\n<p>Kollekte.<br \/>\n\u00a0<\/p>\n<p>Links:<\/p>\n<p><a href=\"https:\/\/rolfhermann.ch\">https:\/\/rolfhermann.ch<\/a><\/p>\n<p><a href=\"https:\/\/de.wikipedia.org\/wiki\/Rolf_Hermann\">https:\/\/de.wikipedia.org\/wiki\/Rolf_Hermann<\/a><\/p>\n<p><a href=\"http:\/\/umsnjip.ch\">http:\/\/umsnjip.ch<\/a><\/p>\n<p><a href=\"http:\/\/mebu.umsnjip.ch\">http:\/\/mebu.umsnjip.ch<\/a><\/p>\n<p><a href=\"http:\/\/facebook.com\/umsnjip\">http:\/\/facebook.com\/umsnjip<\/a><\/p>\n<p><a href=\"http:\/\/youtube.com\/umsnjip\">http:\/\/youtube.com\/umsnjip<\/a><\/p>\n<p><a href=\"https:\/\/de.wikipedia.org\/wiki\/UMS_\u2019n_JIP\">https:\/\/de.wikipedia.org\/wiki\/UMS_\u2019n_JIP<\/a><\/p>\n<blockquote class=\"wp-embedded-content\" data-secret=\"KDNL5mrbbG\"><p><a href=\"https:\/\/luistabuenca.com\/\">Home<\/a><\/p><\/blockquote>\n<p><\/p>\n<p>\u00a0<\/p>\n<p>Weiterf\u00fchrende Infos zum Programm:<br \/>\n<a href=\"http:\/\/umsnjip.ch\/program-neophyten.htm\">http:\/\/umsnjip.ch\/program-neophyten.htm<\/a><\/p>\n<p>Foto: (c) UMS&#8217;nJIP<\/p>\n\t\t\t\t\t\t\t\t<\/div>\n\t\t\t\t<\/div>\n\t\t\t\t\t<\/div>\n\t\t<\/div>\n\t\t\t\t<div class=\"elementor-column elementor-col-50 elementor-top-column elementor-element elementor-element-7c8cfb8f\" data-id=\"7c8cfb8f\" data-element_type=\"column\" data-e-type=\"column\">\n\t\t\t<div class=\"elementor-widget-wrap elementor-element-populated\">\n\t\t\t\t\t\t<div class=\"elementor-element elementor-element-337b5ac3 elementor-widget__width-initial elementor-widget elementor-widget-image\" data-id=\"337b5ac3\" data-element_type=\"widget\" data-e-type=\"widget\" data-widget_type=\"image.default\">\n\t\t\t\t<div class=\"elementor-widget-container\">\n\t\t\t\t\t\t\t\t\t\t\t\t\t\t\t<img fetchpriority=\"high\" decoding=\"async\" width=\"784\" height=\"479\" src=\"https:\/\/lavoirie.ch\/wp-content\/uploads\/2024\/02\/Credits-UMS_nJIP.jpeg\" class=\"attachment-full size-full wp-image-5991\" alt=\"\" srcset=\"https:\/\/lavoirie.ch\/wp-content\/uploads\/2024\/02\/Credits-UMS_nJIP.jpeg 784w, https:\/\/lavoirie.ch\/wp-content\/uploads\/2024\/02\/Credits-UMS_nJIP-300x183.jpeg 300w, https:\/\/lavoirie.ch\/wp-content\/uploads\/2024\/02\/Credits-UMS_nJIP-768x469.jpeg 768w\" sizes=\"(max-width: 784px) 100vw, 784px\" \/>\t\t\t\t\t\t\t\t\t\t\t\t\t\t\t<\/div>\n\t\t\t\t<\/div>\n\t\t\t\t\t<\/div>\n\t\t<\/div>\n\t\t\t\t\t<\/div>\n\t\t<\/section>\n\t\t\t\t<\/div>\n\t\t","protected":false},"featured_media":5991,"template":"","categories":[27],"class_list":["post-5950","event","type-event","status-publish","has-post-thumbnail","hentry","category-konzert"],"acf":[],"_links":{"self":[{"href":"https:\/\/lavoirie.ch\/de\/wp-json\/wp\/v2\/event\/5950","targetHints":{"allow":["GET"]}}],"collection":[{"href":"https:\/\/lavoirie.ch\/de\/wp-json\/wp\/v2\/event"}],"about":[{"href":"https:\/\/lavoirie.ch\/de\/wp-json\/wp\/v2\/types\/event"}],"version-history":[{"count":1,"href":"https:\/\/lavoirie.ch\/de\/wp-json\/wp\/v2\/event\/5950\/revisions"}],"predecessor-version":[{"id":5951,"href":"https:\/\/lavoirie.ch\/de\/wp-json\/wp\/v2\/event\/5950\/revisions\/5951"}],"wp:featuredmedia":[{"embeddable":true,"href":"https:\/\/lavoirie.ch\/de\/wp-json\/wp\/v2\/media\/5991"}],"wp:attachment":[{"href":"https:\/\/lavoirie.ch\/de\/wp-json\/wp\/v2\/media?parent=5950"}],"wp:term":[{"taxonomy":"category","embeddable":true,"href":"https:\/\/lavoirie.ch\/de\/wp-json\/wp\/v2\/categories?post=5950"}],"curies":[{"name":"wp","href":"https:\/\/api.w.org\/{rel}","templated":true}]}}

<div data-elementor-type="wp-post" data-elementor-id="5950" class="elementor elementor-5950 elementor-5938" data-elementor-post-type="event">
						<section class="elementor-section elementor-top-section elementor-element elementor-element-29c258ae elementor-section-stretched elementor-section-boxed elementor-section-height-default elementor-section-height-default" data-id="29c258ae" data-element_type="section" data-e-type="section" data-settings="{&quot;stretch_section&quot;:&quot;section-stretched&quot;}">
						<div class="elementor-container elementor-column-gap-default">
					<div class="elementor-column elementor-col-50 elementor-top-column elementor-element elementor-element-24a2d6" data-id="24a2d6" data-element_type="column" data-e-type="column" data-settings="{&quot;background_background&quot;:&quot;classic&quot;}">
			<div class="elementor-widget-wrap elementor-element-populated">
						<div class="elementor-element elementor-element-38d47431 textcolor elementor-widget elementor-widget-theme-post-title elementor-page-title elementor-widget-heading" data-id="38d47431" data-element_type="widget" data-e-type="widget" data-widget_type="theme-post-title.default">
				<div class="elementor-widget-container">
					<h1 class="elementor-heading-title elementor-size-default">Neophyten</h1>				</div>
				</div>
				<div class="elementor-element elementor-element-65ba0e1e elementor-widget__width-auto textcolor elementor-widget elementor-widget-heading" data-id="65ba0e1e" data-element_type="widget" data-e-type="widget" data-widget_type="heading.default">
				<div class="elementor-widget-container">
					<h2 class="elementor-heading-title elementor-size-default">05.03.2024</h2>				</div>
				</div>
				<div class="elementor-element elementor-element-7a2d9f2 elementor-widget__width-auto textcolor elementor-widget elementor-widget-heading" data-id="7a2d9f2" data-element_type="widget" data-e-type="widget" data-widget_type="heading.default">
				<div class="elementor-widget-container">
					<h2 class="elementor-heading-title elementor-size-default"><a href="https://lavoirie.ch/de/category/konzert/" rel="tag">Konzert</a></h2>				</div>
				</div>
				<div class="elementor-element elementor-element-21ca2f5a textcolor elementor-widget__width-initial elementor-widget elementor-widget-text-editor" data-id="21ca2f5a" data-element_type="widget" data-e-type="widget" data-widget_type="text-editor.default">
				<div class="elementor-widget-container">
									<p>Liederzyklus von <strong>UMS&#8217;nJIP</strong> für Stimme, Blockflöten, Perkussion und Elektronik (2023) nach dem gleichnamigen Gedichtzyklus von Rolf Hermann aus dem Gedichtband „In der Nahaufnahme verwildern wir“ (2021).</p>
<p>Mitwirkende:<br />
Luis Tabuenca, Perkussion</p>
<p>(Von UMS’nJIP:)<br />
Ulrike Mayer-Spohn, Blockflöten/Elektronik<br />
Javier Hagen, Stimme/Elektronik</p>
<p>&#8222;Am Ende bleibt die Natur und das, was wir vielleicht als die Ekstase der Wörter bezeichnen können – die Dichtung.“ (Rolf Hermann)</p>
<p><strong>UMS&#8217;nJIP&#8217;s neophyten</strong> ist ein Liederzyklus für Stimme, Blockflöten, Perkussion und Elektronik, der zusammen mit dem spanischen Perkussionisten und Komponisten Luis Tabuenca (Barcelona) auf Anregung von Rolf Hermann, einem langjährigen künstlerischen Weggefährten von UMS&#8217;nJIP, entstanden ist. Wild wuchernd, geradezu vegetativ berauschend springt uns Rolf Hermanns Zyklus neophyten an, mit dem er auf Rilkes &#8222;Les Roses&#8220; antwortet &#8211; urtümlich, kraftvoll, zäh und rätselhaft. Oder um Beat Mazenauer zu zitieren: &#8222;Die Sprache (&#8230;) beginnt zu verwildern, sie samt Silben ab und formt sie zu neuen Worten, findet sich zu Bildern, die neophyt und ungewohnt, vital und frisch sind. Die Nahaufnahme, der konzentrierte Blick stellt auf die glatte Oberfläche scharf und nimmt so erst deren raue Struktur wahr.“ </p>
<p>Heraus kommt eine zeitlich und in klaren Abschnitten strukturierte dramaturgische Grossform, in welcher sich die gesprochene Sprache sinnlich, situativ und ausgesprochen sensibel/fragil aus instrumentalen Klangfeldern heraus, aus einer Ursuppe sozusagen, Schicht um Schicht schält, um sich in einen virtuellen &#8211; klanglich gesprochen: in einen voraufgenommenen Raum &#8211; einem bedruckten Blatt gleich, zu begeben. So wie Rolf Hermanns Wunsch: „die Sinnlichkeit und die Verletzlichkeit der Welt in Worten erfahrbar zu machen“ gesellt sich zu ihm der unsrige, dieselbe Sinnlichkeit und Verletzlichkeit nun auch in Klängen erfahrbar zu machen.</p>
<p><strong>UMS&#8217;nJIP</strong> sind eines der profiliertesten Ensembles für Neue Musik der Gegenwart und weltweit an den bedeutendsten Konzertstätten für Neue Musik zuhause (Teatro Colón Buenos Aires, Liceu Barcelona, Steghi Athen, Palacio de Bellas Artes Mexico City, Biennale Musica Venezia). Über 1300 Konzerte, 300 Uraufführungen in 40 Ländern und mehr als 35 internationale Preise säumen ihren musikalischen Weg. </p>
<p>Beginn des Konzerts: 20.00 Uhr.</p>
<p>Dauer: ca. 90min. </p>
<p>Kollekte.<br />
 </p>
<p>Links:</p>
<p><a href="https://rolfhermann.ch">https://rolfhermann.ch</a></p>
<p><a href="https://de.wikipedia.org/wiki/Rolf_Hermann">https://de.wikipedia.org/wiki/Rolf_Hermann</a></p>
<p><a href="http://umsnjip.ch">http://umsnjip.ch</a></p>
<p><a href="http://mebu.umsnjip.ch">http://mebu.umsnjip.ch</a></p>
<p><a href="http://facebook.com/umsnjip">http://facebook.com/umsnjip</a></p>
<p><a href="http://youtube.com/umsnjip">http://youtube.com/umsnjip</a></p>
<p><a href="https://de.wikipedia.org/wiki/UMS_’n_JIP">https://de.wikipedia.org/wiki/UMS_’n_JIP</a></p>
<blockquote class="wp-embedded-content" data-secret="KDNL5mrbbG"><p><a href="https://luistabuenca.com/">Home</a></p></blockquote>
<p></p>
<p> </p>
<p>Weiterführende Infos zum Programm:<br />
<a href="http://umsnjip.ch/program-neophyten.htm">http://umsnjip.ch/program-neophyten.htm</a></p>
<p>Foto: (c) UMS&#8217;nJIP</p>
								</div>
				</div>
					</div>
		</div>
				<div class="elementor-column elementor-col-50 elementor-top-column elementor-element elementor-element-7c8cfb8f" data-id="7c8cfb8f" data-element_type="column" data-e-type="column">
			<div class="elementor-widget-wrap elementor-element-populated">
						<div class="elementor-element elementor-element-337b5ac3 elementor-widget__width-initial elementor-widget elementor-widget-image" data-id="337b5ac3" data-element_type="widget" data-e-type="widget" data-widget_type="image.default">
				<div class="elementor-widget-container">
															<img fetchpriority="high" decoding="async" width="784" height="479" src="https://lavoirie.ch/wp-content/uploads/2024/02/Credits-UMS_nJIP.jpeg" class="attachment-full size-full wp-image-5991" alt="" srcset="https://lavoirie.ch/wp-content/uploads/2024/02/Credits-UMS_nJIP.jpeg 784w, https://lavoirie.ch/wp-content/uploads/2024/02/Credits-UMS_nJIP-300x183.jpeg 300w, https://lavoirie.ch/wp-content/uploads/2024/02/Credits-UMS_nJIP-768x469.jpeg 768w" sizes="(max-width: 784px) 100vw, 784px" />															</div>
				</div>
					</div>
		</div>
					</div>
		</section>
				</div>
