{"id":6097,"date":"2024-04-10T10:28:27","date_gmt":"2024-04-10T08:28:27","guid":{"rendered":"https:\/\/lavoirie.ch\/event\/au-joli-mois-de-mai\/"},"modified":"2025-04-23T09:57:37","modified_gmt":"2025-04-23T07:57:37","slug":"au-joli-mois-de-mai","status":"publish","type":"event","link":"https:\/\/lavoirie.ch\/de\/event\/au-joli-mois-de-mai\/","title":{"rendered":"Au Joli Mois de Mai"},"content":{"rendered":"\t\t<div data-elementor-type=\"wp-post\" data-elementor-id=\"6097\" class=\"elementor elementor-6097 elementor-6088\" data-elementor-post-type=\"event\">\n\t\t\t\t\t\t<section class=\"elementor-section elementor-top-section elementor-element elementor-element-4f9ed9a5 elementor-section-stretched elementor-section-boxed elementor-section-height-default elementor-section-height-default\" data-id=\"4f9ed9a5\" data-element_type=\"section\" data-e-type=\"section\" data-settings=\"{&quot;stretch_section&quot;:&quot;section-stretched&quot;}\">\n\t\t\t\t\t\t<div class=\"elementor-container elementor-column-gap-default\">\n\t\t\t\t\t<div class=\"elementor-column elementor-col-50 elementor-top-column elementor-element elementor-element-21e81dff\" data-id=\"21e81dff\" data-element_type=\"column\" data-e-type=\"column\" data-settings=\"{&quot;background_background&quot;:&quot;classic&quot;}\">\n\t\t\t<div class=\"elementor-widget-wrap elementor-element-populated\">\n\t\t\t\t\t\t<div class=\"elementor-element elementor-element-290eefb8 textcolor elementor-widget elementor-widget-theme-post-title elementor-page-title elementor-widget-heading\" data-id=\"290eefb8\" data-element_type=\"widget\" data-e-type=\"widget\" data-widget_type=\"theme-post-title.default\">\n\t\t\t\t<div class=\"elementor-widget-container\">\n\t\t\t\t\t<h1 class=\"elementor-heading-title elementor-size-default\">Au Joli Mois de Mai<\/h1>\t\t\t\t<\/div>\n\t\t\t\t<\/div>\n\t\t\t\t<div class=\"elementor-element elementor-element-2aa80407 elementor-widget__width-initial textcolor elementor-widget elementor-widget-heading\" data-id=\"2aa80407\" data-element_type=\"widget\" data-e-type=\"widget\" data-widget_type=\"heading.default\">\n\t\t\t\t<div class=\"elementor-widget-container\">\n\t\t\t\t\t<h2 class=\"elementor-heading-title elementor-size-default\">29.04.2024<\/h2>\t\t\t\t<\/div>\n\t\t\t\t<\/div>\n\t\t\t\t<div class=\"elementor-element elementor-element-6a45074 elementor-widget__width-auto textcolor elementor-widget elementor-widget-heading\" data-id=\"6a45074\" data-element_type=\"widget\" data-e-type=\"widget\" data-widget_type=\"heading.default\">\n\t\t\t\t<div class=\"elementor-widget-container\">\n\t\t\t\t\t<h2 class=\"elementor-heading-title elementor-size-default\"><a href=\"https:\/\/lavoirie.ch\/de\/category\/ausstellung\/\" rel=\"tag\">Ausstellung<\/a><\/h2>\t\t\t\t<\/div>\n\t\t\t\t<\/div>\n\t\t\t\t<div class=\"elementor-element elementor-element-6d605686 textcolor elementor-widget elementor-widget-text-editor\" data-id=\"6d605686\" data-element_type=\"widget\" data-e-type=\"widget\" data-widget_type=\"text-editor.default\">\n\t\t\t\t<div class=\"elementor-widget-container\">\n\t\t\t\t\t\t\t\t\t<p>29.04 &#8211; 02.06.2024<\/p>\n<p>Visarte Biel\/Bienne, die Bieler Sektion des Schweizer Berufsverbandes der visuellen K\u00fcnstlerinnen und K\u00fcnstler, veranstaltet das Kunstfestivals <strong>Au Joli Mois de Mai<\/strong> vom 29. April bis 2. Juni 2024. An zwei Ausstellungsorten in der Bieler Altstadt wird w\u00e4hrend f\u00fcnf Wochen die Vielfalt des Schaffens von Kunstschaffenden aus der Region und dar\u00fcber hinaus pr\u00e4sentiert. <\/p>\n\t\t\t\t\t\t\t\t<\/div>\n\t\t\t\t<\/div>\n\t\t\t\t<div class=\"elementor-element elementor-element-4e59f0c4 textcolor elementor-widget elementor-widget-text-editor\" data-id=\"4e59f0c4\" data-element_type=\"widget\" data-e-type=\"widget\" data-widget_type=\"text-editor.default\">\n\t\t\t\t<div class=\"elementor-widget-container\">\n\t\t\t\t\t\t\t\t\t<p>29.04 &#8211; 02.06.2024<\/p>\n<p>Visarte Biel\/Bienne, die Bieler Sektion des Schweizer Berufsverbandes der visuellen K\u00fcnstlerinnen und K\u00fcnstler, veranstaltet das Kunstfestivals <strong>Au Joli Mois de Mai<\/strong> vom 29. April bis 2. Juni 2024. An zwei Ausstellungsorten in der Bieler Altstadt wird w\u00e4hrend f\u00fcnf Wochen die Vielfalt des Schaffens von Kunstschaffenden aus der Region und dar\u00fcber hinaus pr\u00e4sentiert. <\/p>\n<p>Der Mittwochabend markiert stets den Auftakt f\u00fcr die gesamte Woche. Von Montag bis Mittwoch sind die K\u00fcnstlerinnen und K\u00fcnstler in der R\u00e9sidence in der Krone Couronne und der Voirie aktiv, wobei ihr Fokus auf dem Er\u00f6ffnungsabend am Mittwoch liegt.<\/p>\n<p>Traditionell sind die eint\u00e4gigen Wechselausstellungen von Mittwoch bis Sonntag von 18 bis 22 Uhr in Anwesenheit der Kunstschaffenden zu entdecken, samstags und sonntags findet die eine oder andere Performances in der Obergasse statt.<\/p>\n<p>In der Krone Couronne werden die Besucherinnen und Besucher erneut zu kulinarischen K\u00f6stlichkeiten von <em>Sweet Ginger<\/em> eingeladen.<\/p>\n<p><strong>Ausstellungsorte<\/strong> in Biel\/Bienne: Krone Couronne (Obergasse 1) und Voirie (Brunngasse 1) <\/p>\n<p>Von Mittwoch bis Sonntag, 18 bis 22 Uhr: Expositions d&#8217;un jour<br \/>\nVon Montag bis Mittwoch: R\u00e9sidences<\/p>\n<p>Link:<br \/>\n<a href=\"https:\/\/visarte-bielbienne.ch\/de\/aktivit\u00e4ten\/jolimai\/2024\">https:\/\/visarte-bielbienne.ch\/de\/aktivit\u00e4ten\/jolimai\/2024<\/a><\/p>\n\t\t\t\t\t\t\t\t<\/div>\n\t\t\t\t<\/div>\n\t\t\t\t\t<\/div>\n\t\t<\/div>\n\t\t\t\t<div class=\"elementor-column elementor-col-50 elementor-top-column elementor-element elementor-element-2a88dcaf\" data-id=\"2a88dcaf\" data-element_type=\"column\" data-e-type=\"column\">\n\t\t\t<div class=\"elementor-widget-wrap elementor-element-populated\">\n\t\t\t\t\t\t<div class=\"elementor-element elementor-element-362c895f elementor-widget elementor-widget-image\" data-id=\"362c895f\" data-element_type=\"widget\" data-e-type=\"widget\" data-widget_type=\"image.default\">\n\t\t\t\t<div class=\"elementor-widget-container\">\n\t\t\t\t\t\t\t\t\t\t\t\t\t\t\t<img fetchpriority=\"high\" decoding=\"async\" width=\"1241\" height=\"1754\" src=\"https:\/\/lavoirie.ch\/wp-content\/uploads\/2025\/04\/VISARTE_jolimai2025_250331_A4_page-0001-2.jpg\" class=\"attachment-full size-full wp-image-6997\" alt=\"\" srcset=\"https:\/\/lavoirie.ch\/wp-content\/uploads\/2025\/04\/VISARTE_jolimai2025_250331_A4_page-0001-2.jpg 1241w, https:\/\/lavoirie.ch\/wp-content\/uploads\/2025\/04\/VISARTE_jolimai2025_250331_A4_page-0001-2-212x300.jpg 212w, https:\/\/lavoirie.ch\/wp-content\/uploads\/2025\/04\/VISARTE_jolimai2025_250331_A4_page-0001-2-725x1024.jpg 725w, https:\/\/lavoirie.ch\/wp-content\/uploads\/2025\/04\/VISARTE_jolimai2025_250331_A4_page-0001-2-768x1085.jpg 768w, https:\/\/lavoirie.ch\/wp-content\/uploads\/2025\/04\/VISARTE_jolimai2025_250331_A4_page-0001-2-1087x1536.jpg 1087w\" sizes=\"(max-width: 1241px) 100vw, 1241px\" \/>\t\t\t\t\t\t\t\t\t\t\t\t\t\t\t<\/div>\n\t\t\t\t<\/div>\n\t\t\t\t\t<\/div>\n\t\t<\/div>\n\t\t\t\t\t<\/div>\n\t\t<\/section>\n\t\t\t\t<\/div>\n\t\t","protected":false},"featured_media":6997,"template":"","categories":[29],"class_list":["post-6097","event","type-event","status-publish","has-post-thumbnail","hentry","category-ausstellung"],"acf":[],"_links":{"self":[{"href":"https:\/\/lavoirie.ch\/de\/wp-json\/wp\/v2\/event\/6097","targetHints":{"allow":["GET"]}}],"collection":[{"href":"https:\/\/lavoirie.ch\/de\/wp-json\/wp\/v2\/event"}],"about":[{"href":"https:\/\/lavoirie.ch\/de\/wp-json\/wp\/v2\/types\/event"}],"version-history":[{"count":5,"href":"https:\/\/lavoirie.ch\/de\/wp-json\/wp\/v2\/event\/6097\/revisions"}],"predecessor-version":[{"id":6222,"href":"https:\/\/lavoirie.ch\/de\/wp-json\/wp\/v2\/event\/6097\/revisions\/6222"}],"wp:featuredmedia":[{"embeddable":true,"href":"https:\/\/lavoirie.ch\/de\/wp-json\/wp\/v2\/media\/6997"}],"wp:attachment":[{"href":"https:\/\/lavoirie.ch\/de\/wp-json\/wp\/v2\/media?parent=6097"}],"wp:term":[{"taxonomy":"category","embeddable":true,"href":"https:\/\/lavoirie.ch\/de\/wp-json\/wp\/v2\/categories?post=6097"}],"curies":[{"name":"wp","href":"https:\/\/api.w.org\/{rel}","templated":true}]}}

<div data-elementor-type="wp-post" data-elementor-id="6097" class="elementor elementor-6097 elementor-6088" data-elementor-post-type="event">
						<section class="elementor-section elementor-top-section elementor-element elementor-element-4f9ed9a5 elementor-section-stretched elementor-section-boxed elementor-section-height-default elementor-section-height-default" data-id="4f9ed9a5" data-element_type="section" data-e-type="section" data-settings="{&quot;stretch_section&quot;:&quot;section-stretched&quot;}">
						<div class="elementor-container elementor-column-gap-default">
					<div class="elementor-column elementor-col-50 elementor-top-column elementor-element elementor-element-21e81dff" data-id="21e81dff" data-element_type="column" data-e-type="column" data-settings="{&quot;background_background&quot;:&quot;classic&quot;}">
			<div class="elementor-widget-wrap elementor-element-populated">
						<div class="elementor-element elementor-element-290eefb8 textcolor elementor-widget elementor-widget-theme-post-title elementor-page-title elementor-widget-heading" data-id="290eefb8" data-element_type="widget" data-e-type="widget" data-widget_type="theme-post-title.default">
				<div class="elementor-widget-container">
					<h1 class="elementor-heading-title elementor-size-default">Au Joli Mois de Mai</h1>				</div>
				</div>
				<div class="elementor-element elementor-element-2aa80407 elementor-widget__width-initial textcolor elementor-widget elementor-widget-heading" data-id="2aa80407" data-element_type="widget" data-e-type="widget" data-widget_type="heading.default">
				<div class="elementor-widget-container">
					<h2 class="elementor-heading-title elementor-size-default">29.04.2024</h2>				</div>
				</div>
				<div class="elementor-element elementor-element-6a45074 elementor-widget__width-auto textcolor elementor-widget elementor-widget-heading" data-id="6a45074" data-element_type="widget" data-e-type="widget" data-widget_type="heading.default">
				<div class="elementor-widget-container">
					<h2 class="elementor-heading-title elementor-size-default"><a href="https://lavoirie.ch/de/category/ausstellung/" rel="tag">Ausstellung</a></h2>				</div>
				</div>
				<div class="elementor-element elementor-element-6d605686 textcolor elementor-widget elementor-widget-text-editor" data-id="6d605686" data-element_type="widget" data-e-type="widget" data-widget_type="text-editor.default">
				<div class="elementor-widget-container">
									<p>29.04 &#8211; 02.06.2024</p>
<p>Visarte Biel/Bienne, die Bieler Sektion des Schweizer Berufsverbandes der visuellen Künstlerinnen und Künstler, veranstaltet das Kunstfestivals <strong>Au Joli Mois de Mai</strong> vom 29. April bis 2. Juni 2024. An zwei Ausstellungsorten in der Bieler Altstadt wird während fünf Wochen die Vielfalt des Schaffens von Kunstschaffenden aus der Region und darüber hinaus präsentiert. </p>
								</div>
				</div>
				<div class="elementor-element elementor-element-4e59f0c4 textcolor elementor-widget elementor-widget-text-editor" data-id="4e59f0c4" data-element_type="widget" data-e-type="widget" data-widget_type="text-editor.default">
				<div class="elementor-widget-container">
									<p>29.04 &#8211; 02.06.2024</p>
<p>Visarte Biel/Bienne, die Bieler Sektion des Schweizer Berufsverbandes der visuellen Künstlerinnen und Künstler, veranstaltet das Kunstfestivals <strong>Au Joli Mois de Mai</strong> vom 29. April bis 2. Juni 2024. An zwei Ausstellungsorten in der Bieler Altstadt wird während fünf Wochen die Vielfalt des Schaffens von Kunstschaffenden aus der Region und darüber hinaus präsentiert. </p>
<p>Der Mittwochabend markiert stets den Auftakt für die gesamte Woche. Von Montag bis Mittwoch sind die Künstlerinnen und Künstler in der Résidence in der Krone Couronne und der Voirie aktiv, wobei ihr Fokus auf dem Eröffnungsabend am Mittwoch liegt.</p>
<p>Traditionell sind die eintägigen Wechselausstellungen von Mittwoch bis Sonntag von 18 bis 22 Uhr in Anwesenheit der Kunstschaffenden zu entdecken, samstags und sonntags findet die eine oder andere Performances in der Obergasse statt.</p>
<p>In der Krone Couronne werden die Besucherinnen und Besucher erneut zu kulinarischen Köstlichkeiten von <em>Sweet Ginger</em> eingeladen.</p>
<p><strong>Ausstellungsorte</strong> in Biel/Bienne: Krone Couronne (Obergasse 1) und Voirie (Brunngasse 1) </p>
<p>Von Mittwoch bis Sonntag, 18 bis 22 Uhr: Expositions d&#8217;un jour<br />
Von Montag bis Mittwoch: Résidences</p>
<p>Link:<br />
<a href="https://visarte-bielbienne.ch/de/aktivitäten/jolimai/2024">https://visarte-bielbienne.ch/de/aktivitäten/jolimai/2024</a></p>
								</div>
				</div>
					</div>
		</div>
				<div class="elementor-column elementor-col-50 elementor-top-column elementor-element elementor-element-2a88dcaf" data-id="2a88dcaf" data-element_type="column" data-e-type="column">
			<div class="elementor-widget-wrap elementor-element-populated">
						<div class="elementor-element elementor-element-362c895f elementor-widget elementor-widget-image" data-id="362c895f" data-element_type="widget" data-e-type="widget" data-widget_type="image.default">
				<div class="elementor-widget-container">
															<img fetchpriority="high" decoding="async" width="1241" height="1754" src="https://lavoirie.ch/wp-content/uploads/2025/04/VISARTE_jolimai2025_250331_A4_page-0001-2.jpg" class="attachment-full size-full wp-image-6997" alt="" srcset="https://lavoirie.ch/wp-content/uploads/2025/04/VISARTE_jolimai2025_250331_A4_page-0001-2.jpg 1241w, https://lavoirie.ch/wp-content/uploads/2025/04/VISARTE_jolimai2025_250331_A4_page-0001-2-212x300.jpg 212w, https://lavoirie.ch/wp-content/uploads/2025/04/VISARTE_jolimai2025_250331_A4_page-0001-2-725x1024.jpg 725w, https://lavoirie.ch/wp-content/uploads/2025/04/VISARTE_jolimai2025_250331_A4_page-0001-2-768x1085.jpg 768w, https://lavoirie.ch/wp-content/uploads/2025/04/VISARTE_jolimai2025_250331_A4_page-0001-2-1087x1536.jpg 1087w" sizes="(max-width: 1241px) 100vw, 1241px" />															</div>
				</div>
					</div>
		</div>
					</div>
		</section>
				</div>
