{"id":6215,"date":"2024-05-13T14:39:11","date_gmt":"2024-05-13T12:39:11","guid":{"rendered":"https:\/\/lavoirie.ch\/event\/rencontres-arrangees\/"},"modified":"2024-05-13T14:41:07","modified_gmt":"2024-05-13T12:41:07","slug":"rencontres-arrangees","status":"publish","type":"event","link":"https:\/\/lavoirie.ch\/de\/event\/rencontres-arrangees\/","title":{"rendered":"Rencontres arrang\u00e9es"},"content":{"rendered":"\t\t<div data-elementor-type=\"wp-post\" data-elementor-id=\"6215\" class=\"elementor elementor-6215 elementor-6184\" data-elementor-post-type=\"event\">\n\t\t\t\t\t\t<section class=\"elementor-section elementor-top-section elementor-element elementor-element-d74bae3 elementor-section-stretched elementor-section-boxed elementor-section-height-default elementor-section-height-default\" data-id=\"d74bae3\" data-element_type=\"section\" data-e-type=\"section\" data-settings=\"{&quot;stretch_section&quot;:&quot;section-stretched&quot;}\">\n\t\t\t\t\t\t<div class=\"elementor-container elementor-column-gap-default\">\n\t\t\t\t\t<div class=\"elementor-column elementor-col-50 elementor-top-column elementor-element elementor-element-1cb1c77d\" data-id=\"1cb1c77d\" data-element_type=\"column\" data-e-type=\"column\" data-settings=\"{&quot;background_background&quot;:&quot;classic&quot;}\">\n\t\t\t<div class=\"elementor-widget-wrap elementor-element-populated\">\n\t\t\t\t\t\t<div class=\"elementor-element elementor-element-3aedbed5 textcolor elementor-widget elementor-widget-theme-post-title elementor-page-title elementor-widget-heading\" data-id=\"3aedbed5\" data-element_type=\"widget\" data-e-type=\"widget\" data-widget_type=\"theme-post-title.default\">\n\t\t\t\t<div class=\"elementor-widget-container\">\n\t\t\t\t\t<h1 class=\"elementor-heading-title elementor-size-default\">Rencontres arrang\u00e9es<\/h1>\t\t\t\t<\/div>\n\t\t\t\t<\/div>\n\t\t\t\t<div class=\"elementor-element elementor-element-26c11742 elementor-widget__width-initial textcolor elementor-widget elementor-widget-heading\" data-id=\"26c11742\" data-element_type=\"widget\" data-e-type=\"widget\" data-widget_type=\"heading.default\">\n\t\t\t\t<div class=\"elementor-widget-container\">\n\t\t\t\t\t<h2 class=\"elementor-heading-title elementor-size-default\">09.06.2024<\/h2>\t\t\t\t<\/div>\n\t\t\t\t<\/div>\n\t\t\t\t<div class=\"elementor-element elementor-element-16a2a92 elementor-widget__width-auto textcolor elementor-widget elementor-widget-heading\" data-id=\"16a2a92\" data-element_type=\"widget\" data-e-type=\"widget\" data-widget_type=\"heading.default\">\n\t\t\t\t<div class=\"elementor-widget-container\">\n\t\t\t\t\t<h2 class=\"elementor-heading-title elementor-size-default\"><a href=\"https:\/\/lavoirie.ch\/de\/category\/konzert\/\" rel=\"tag\">Konzert<\/a><\/h2>\t\t\t\t<\/div>\n\t\t\t\t<\/div>\n\t\t\t\t<div class=\"elementor-element elementor-element-de12ad0 textcolor elementor-widget elementor-widget-text-editor\" data-id=\"de12ad0\" data-element_type=\"widget\" data-e-type=\"widget\" data-widget_type=\"text-editor.default\">\n\t\t\t\t<div class=\"elementor-widget-container\">\n\t\t\t\t\t\t\t\t\t<p>Seit 2022 geben die Rencontres arrang\u00e9es regelm\u00e4\u00dfig einer K\u00fcnstlerin oder einem K\u00fcnstler freie Hand, um sich eine Reihe von Kompositionen aus den etwa sechzig Originalen, die bei den vorherigen Ausgaben entstanden sind, neu anzueignen.<\/p>\n<p>Im Juni ist die Neuenburgerin Pianistin und Komponistin <strong>Melusine Chappuis<\/strong> (Arbre, Cocon Javel), ein aufsteigender Stern des Schweizer Jazz und Gewinnerin des \u201eZKB Jazzpreises 2023\u201c, an der Reihe. Sie wird f\u00fcr diesen Anlass eine Reihe von 10 Originalen aus der \u201eKollektion\u201c der Rencontres arrang\u00e9es neu arrangieren und sich f\u00fcr die Kreation mit der Cr\u00e8me de la Cr\u00e8me der jungen Schweizer Szene umgeben.<\/p>\n<p>Die Ergebnisse dieser Arbeit werden in einer dreit\u00e4gigen Residenz konkretisiert und am 1. Juni in der Chapelle de l&#8217;Ermitage in Neuenburg in einem Konzert in Zusammenarbeit mit den Jazz &#038; Raclette-Abenden sowie am 9. Juni in der Voirie der \u00d6ffentlichkeit vorgestellt.<\/p>\n<p><span style=\"text-decoration: underline\">Musiker\/innen:<\/span><br \/>\nM\u00e9lusine Chappuis &#8211; Keyboards Arrangement<br \/>\nJulie Beriger &#8211; Stimme<br \/>\nMareille Merck &#8211; Guitarr<br \/>\nXavier Almeida &#8211; Schlagzeug<br \/>\nLo\u00efc Baillod \u2013 Kontrabass<\/p>\n<p>Voll Preis 25 CHF | AHV, IV, Arbeitslosigkeit 15 CHF | Studierende und Kulturschaffende 10 CHF<\/p>\n<p><strong>Beginn des Konzerts 17.30 (T\u00fcr\u00f6ffnung 17.00)<\/strong><\/p>\n<p>\ud83d\udd17 <a href=\"http:\/\/www.rencontresarrangees.ch\">www.rencontresarrangees.ch<\/a><\/p>\n\t\t\t\t\t\t\t\t<\/div>\n\t\t\t\t<\/div>\n\t\t\t\t\t<\/div>\n\t\t<\/div>\n\t\t\t\t<div class=\"elementor-column elementor-col-50 elementor-top-column elementor-element elementor-element-286cf99f\" data-id=\"286cf99f\" data-element_type=\"column\" data-e-type=\"column\">\n\t\t\t<div class=\"elementor-widget-wrap elementor-element-populated\">\n\t\t\t\t\t\t<div class=\"elementor-element elementor-element-19353656 elementor-widget elementor-widget-image\" data-id=\"19353656\" data-element_type=\"widget\" data-e-type=\"widget\" data-widget_type=\"image.default\">\n\t\t\t\t<div class=\"elementor-widget-container\">\n\t\t\t\t\t\t\t\t\t\t\t\t\t\t\t<img fetchpriority=\"high\" decoding=\"async\" width=\"2048\" height=\"2048\" src=\"https:\/\/lavoirie.ch\/wp-content\/uploads\/2024\/05\/aa.jpg\" class=\"attachment-full size-full wp-image-6196\" alt=\"\" srcset=\"https:\/\/lavoirie.ch\/wp-content\/uploads\/2024\/05\/aa.jpg 2048w, https:\/\/lavoirie.ch\/wp-content\/uploads\/2024\/05\/aa-300x300.jpg 300w, https:\/\/lavoirie.ch\/wp-content\/uploads\/2024\/05\/aa-1024x1024.jpg 1024w, https:\/\/lavoirie.ch\/wp-content\/uploads\/2024\/05\/aa-150x150.jpg 150w, https:\/\/lavoirie.ch\/wp-content\/uploads\/2024\/05\/aa-768x768.jpg 768w, https:\/\/lavoirie.ch\/wp-content\/uploads\/2024\/05\/aa-1536x1536.jpg 1536w\" sizes=\"(max-width: 2048px) 100vw, 2048px\" \/>\t\t\t\t\t\t\t\t\t\t\t\t\t\t\t<\/div>\n\t\t\t\t<\/div>\n\t\t\t\t\t<\/div>\n\t\t<\/div>\n\t\t\t\t\t<\/div>\n\t\t<\/section>\n\t\t\t\t<\/div>\n\t\t","protected":false},"featured_media":6196,"template":"","categories":[27],"class_list":["post-6215","event","type-event","status-publish","has-post-thumbnail","hentry","category-konzert"],"acf":[],"_links":{"self":[{"href":"https:\/\/lavoirie.ch\/de\/wp-json\/wp\/v2\/event\/6215","targetHints":{"allow":["GET"]}}],"collection":[{"href":"https:\/\/lavoirie.ch\/de\/wp-json\/wp\/v2\/event"}],"about":[{"href":"https:\/\/lavoirie.ch\/de\/wp-json\/wp\/v2\/types\/event"}],"version-history":[{"count":1,"href":"https:\/\/lavoirie.ch\/de\/wp-json\/wp\/v2\/event\/6215\/revisions"}],"predecessor-version":[{"id":6216,"href":"https:\/\/lavoirie.ch\/de\/wp-json\/wp\/v2\/event\/6215\/revisions\/6216"}],"wp:featuredmedia":[{"embeddable":true,"href":"https:\/\/lavoirie.ch\/de\/wp-json\/wp\/v2\/media\/6196"}],"wp:attachment":[{"href":"https:\/\/lavoirie.ch\/de\/wp-json\/wp\/v2\/media?parent=6215"}],"wp:term":[{"taxonomy":"category","embeddable":true,"href":"https:\/\/lavoirie.ch\/de\/wp-json\/wp\/v2\/categories?post=6215"}],"curies":[{"name":"wp","href":"https:\/\/api.w.org\/{rel}","templated":true}]}}

Rencontres arrangées

<div data-elementor-type="wp-post" data-elementor-id="6215" class="elementor elementor-6215 elementor-6184" data-elementor-post-type="event">
						<section class="elementor-section elementor-top-section elementor-element elementor-element-d74bae3 elementor-section-stretched elementor-section-boxed elementor-section-height-default elementor-section-height-default" data-id="d74bae3" data-element_type="section" data-e-type="section" data-settings="{&quot;stretch_section&quot;:&quot;section-stretched&quot;}">
						<div class="elementor-container elementor-column-gap-default">
					<div class="elementor-column elementor-col-50 elementor-top-column elementor-element elementor-element-1cb1c77d" data-id="1cb1c77d" data-element_type="column" data-e-type="column" data-settings="{&quot;background_background&quot;:&quot;classic&quot;}">
			<div class="elementor-widget-wrap elementor-element-populated">
						<div class="elementor-element elementor-element-3aedbed5 textcolor elementor-widget elementor-widget-theme-post-title elementor-page-title elementor-widget-heading" data-id="3aedbed5" data-element_type="widget" data-e-type="widget" data-widget_type="theme-post-title.default">
				<div class="elementor-widget-container">
					<h1 class="elementor-heading-title elementor-size-default">Rencontres arrangées</h1>				</div>
				</div>
				<div class="elementor-element elementor-element-26c11742 elementor-widget__width-initial textcolor elementor-widget elementor-widget-heading" data-id="26c11742" data-element_type="widget" data-e-type="widget" data-widget_type="heading.default">
				<div class="elementor-widget-container">
					<h2 class="elementor-heading-title elementor-size-default">09.06.2024</h2>				</div>
				</div>
				<div class="elementor-element elementor-element-16a2a92 elementor-widget__width-auto textcolor elementor-widget elementor-widget-heading" data-id="16a2a92" data-element_type="widget" data-e-type="widget" data-widget_type="heading.default">
				<div class="elementor-widget-container">
					<h2 class="elementor-heading-title elementor-size-default"><a href="https://lavoirie.ch/de/category/konzert/" rel="tag">Konzert</a></h2>				</div>
				</div>
				<div class="elementor-element elementor-element-de12ad0 textcolor elementor-widget elementor-widget-text-editor" data-id="de12ad0" data-element_type="widget" data-e-type="widget" data-widget_type="text-editor.default">
				<div class="elementor-widget-container">
									<p>Seit 2022 geben die Rencontres arrangées regelmäßig einer Künstlerin oder einem Künstler freie Hand, um sich eine Reihe von Kompositionen aus den etwa sechzig Originalen, die bei den vorherigen Ausgaben entstanden sind, neu anzueignen.</p>
<p>Im Juni ist die Neuenburgerin Pianistin und Komponistin <strong>Melusine Chappuis</strong> (Arbre, Cocon Javel), ein aufsteigender Stern des Schweizer Jazz und Gewinnerin des „ZKB Jazzpreises 2023“, an der Reihe. Sie wird für diesen Anlass eine Reihe von 10 Originalen aus der „Kollektion“ der Rencontres arrangées neu arrangieren und sich für die Kreation mit der Crème de la Crème der jungen Schweizer Szene umgeben.</p>
<p>Die Ergebnisse dieser Arbeit werden in einer dreitägigen Residenz konkretisiert und am 1. Juni in der Chapelle de l&#8217;Ermitage in Neuenburg in einem Konzert in Zusammenarbeit mit den Jazz &#038; Raclette-Abenden sowie am 9. Juni in der Voirie der Öffentlichkeit vorgestellt.</p>
<p><span style="text-decoration: underline">Musiker/innen:</span><br />
Mélusine Chappuis &#8211; Keyboards Arrangement<br />
Julie Beriger &#8211; Stimme<br />
Mareille Merck &#8211; Guitarr<br />
Xavier Almeida &#8211; Schlagzeug<br />
Loïc Baillod – Kontrabass</p>
<p>Voll Preis 25 CHF | AHV, IV, Arbeitslosigkeit 15 CHF | Studierende und Kulturschaffende 10 CHF</p>
<p><strong>Beginn des Konzerts 17.30 (Türöffnung 17.00)</strong></p>
<p>🔗 <a href="http://www.rencontresarrangees.ch">www.rencontresarrangees.ch</a></p>
								</div>
				</div>
					</div>
		</div>
				<div class="elementor-column elementor-col-50 elementor-top-column elementor-element elementor-element-286cf99f" data-id="286cf99f" data-element_type="column" data-e-type="column">
			<div class="elementor-widget-wrap elementor-element-populated">
						<div class="elementor-element elementor-element-19353656 elementor-widget elementor-widget-image" data-id="19353656" data-element_type="widget" data-e-type="widget" data-widget_type="image.default">
				<div class="elementor-widget-container">
															<img fetchpriority="high" decoding="async" width="2048" height="2048" src="https://lavoirie.ch/wp-content/uploads/2024/05/aa.jpg" class="attachment-full size-full wp-image-6196" alt="" srcset="https://lavoirie.ch/wp-content/uploads/2024/05/aa.jpg 2048w, https://lavoirie.ch/wp-content/uploads/2024/05/aa-300x300.jpg 300w, https://lavoirie.ch/wp-content/uploads/2024/05/aa-1024x1024.jpg 1024w, https://lavoirie.ch/wp-content/uploads/2024/05/aa-150x150.jpg 150w, https://lavoirie.ch/wp-content/uploads/2024/05/aa-768x768.jpg 768w, https://lavoirie.ch/wp-content/uploads/2024/05/aa-1536x1536.jpg 1536w" sizes="(max-width: 2048px) 100vw, 2048px" />															</div>
				</div>
					</div>
		</div>
					</div>
		</section>
				</div>
