{"id":6267,"date":"2024-05-23T16:51:22","date_gmt":"2024-05-23T14:51:22","guid":{"rendered":"https:\/\/lavoirie.ch\/event\/mantra\/"},"modified":"2024-05-23T17:08:49","modified_gmt":"2024-05-23T15:08:49","slug":"mantra","status":"publish","type":"event","link":"https:\/\/lavoirie.ch\/de\/event\/mantra\/","title":{"rendered":"Mantra"},"content":{"rendered":"\t\t<div data-elementor-type=\"wp-post\" data-elementor-id=\"6267\" class=\"elementor elementor-6267 elementor-6250\" data-elementor-post-type=\"event\">\n\t\t\t\t\t\t<section class=\"elementor-section elementor-top-section elementor-element elementor-element-101fabf8 elementor-section-stretched elementor-section-boxed elementor-section-height-default elementor-section-height-default\" data-id=\"101fabf8\" data-element_type=\"section\" data-e-type=\"section\" data-settings=\"{&quot;stretch_section&quot;:&quot;section-stretched&quot;}\">\n\t\t\t\t\t\t<div class=\"elementor-container elementor-column-gap-default\">\n\t\t\t\t\t<div class=\"elementor-column elementor-col-50 elementor-top-column elementor-element elementor-element-4de17fcd\" data-id=\"4de17fcd\" data-element_type=\"column\" data-e-type=\"column\" data-settings=\"{&quot;background_background&quot;:&quot;classic&quot;}\">\n\t\t\t<div class=\"elementor-widget-wrap elementor-element-populated\">\n\t\t\t\t\t\t<div class=\"elementor-element elementor-element-54887c74 textcolor elementor-widget elementor-widget-theme-post-title elementor-page-title elementor-widget-heading\" data-id=\"54887c74\" data-element_type=\"widget\" data-e-type=\"widget\" data-widget_type=\"theme-post-title.default\">\n\t\t\t\t<div class=\"elementor-widget-container\">\n\t\t\t\t\t<h1 class=\"elementor-heading-title elementor-size-default\">Mantra<\/h1>\t\t\t\t<\/div>\n\t\t\t\t<\/div>\n\t\t\t\t<div class=\"elementor-element elementor-element-46c8e8c5 elementor-widget__width-initial textcolor elementor-widget elementor-widget-heading\" data-id=\"46c8e8c5\" data-element_type=\"widget\" data-e-type=\"widget\" data-widget_type=\"heading.default\">\n\t\t\t\t<div class=\"elementor-widget-container\">\n\t\t\t\t\t<h2 class=\"elementor-heading-title elementor-size-default\">15.06.2024<\/h2>\t\t\t\t<\/div>\n\t\t\t\t<\/div>\n\t\t\t\t<div class=\"elementor-element elementor-element-9a259fe elementor-widget__width-auto textcolor elementor-widget elementor-widget-heading\" data-id=\"9a259fe\" data-element_type=\"widget\" data-e-type=\"widget\" data-widget_type=\"heading.default\">\n\t\t\t\t<div class=\"elementor-widget-container\">\n\t\t\t\t\t<h2 class=\"elementor-heading-title elementor-size-default\"><a href=\"https:\/\/lavoirie.ch\/de\/category\/konzert\/\" rel=\"tag\">Konzert<\/a><\/h2>\t\t\t\t<\/div>\n\t\t\t\t<\/div>\n\t\t\t\t<div class=\"elementor-element elementor-element-55a2b68b textcolor elementor-widget elementor-widget-text-editor\" data-id=\"55a2b68b\" data-element_type=\"widget\" data-e-type=\"widget\" data-widget_type=\"text-editor.default\">\n\t\t\t\t<div class=\"elementor-widget-container\">\n\t\t\t\t\t\t\t\t\t<p> Multiinstrumentelles Solo-Konzert von <strong>Andr\u00e8s Walker<\/strong><\/p>\n<p><strong>Stil:<\/strong> Rock, Pop, Ambient, Psychedelic Rock<\/p>\n<p>Andr\u00e8s Walker wurde als Sohn zweier taubstummer Eltern geboren und entdeckte seine Leidenschaft f\u00fcr die Musik durch einen Onkel. Er studierte am Frankfurter Konservatorium und sp\u00e4ter an der Universit\u00e4t Mozarteum, einer Hochschule f\u00fcr Musik, Theater und Bildende Kunst in Salzburg, \u00d6sterreich. Er interessiert sich sehr schnell f\u00fcr Jazz und experimentelle Musik, zwei Stile, die in seinem neuen Album zu finden sind:<\/p>\n<p style=\"text-align: center\"><strong>MANTRA<\/strong><\/p>\n<p>Mantra ist eine experimentelle Fusion mit einer tiefen Atmosph\u00e4re, in der sich die Musik, die Farben und die Texturen ver\u00e4ndern. Dieses musikalische Werk erweist sich als eine introspektive Illusion voller Bilder, Tr\u00e4ume und Sinnlichkeit.<\/p>\n<p>Als Bewohner einer gro\u00dfen Kultur und einer kosmopolitischen Welt interpretiert er seine Weltsicht mit Musik und Kl\u00e4ngen, die sich mit unserem tausendfachen Alltag verschmelzen.<\/p>\n<p>Der Ursprung der musikalischen Sprache ist ein inneres Signal, das uns jeden Tag aufweckt und uns bewusst macht, dass wir mehr sind als nur Erdbewohner. In diesem Musikprojekt empfinden wir ein starkes Gef\u00fchl, das uns flie\u00dfend durch die Musik reisen l\u00e4sst.<\/p>\n<p>Weckt das eure Neugier? Erfahren Sie hier mehr \u00fcber die Musik von Andr\u00e8s Walker:<\/p>\n<p><a href=\"http:\/\/www.youtube.com\/@walker2010ist\">www.youtube.com\/@walker2010ist<\/a><br \/>\n<a href=\"http:\/\/www.sondcloud.com\/user-671433823\">www.sondcloud.com\/user-671433823<\/a><\/p>\n<p>Beginn des Konzerts: 21 Uhr | Kollekte.<\/p>\n<p>\u00a0<\/p>\n<p>\u00a0<\/p>\n\t\t\t\t\t\t\t\t<\/div>\n\t\t\t\t<\/div>\n\t\t\t\t\t<\/div>\n\t\t<\/div>\n\t\t\t\t<div class=\"elementor-column elementor-col-50 elementor-top-column elementor-element elementor-element-1a7677d4\" data-id=\"1a7677d4\" data-element_type=\"column\" data-e-type=\"column\">\n\t\t\t<div class=\"elementor-widget-wrap elementor-element-populated\">\n\t\t\t\t\t\t<div class=\"elementor-element elementor-element-572110de elementor-widget elementor-widget-image\" data-id=\"572110de\" data-element_type=\"widget\" data-e-type=\"widget\" data-widget_type=\"image.default\">\n\t\t\t\t<div class=\"elementor-widget-container\">\n\t\t\t\t\t\t\t\t\t\t\t\t\t\t\t<img fetchpriority=\"high\" decoding=\"async\" width=\"1417\" height=\"1417\" src=\"https:\/\/lavoirie.ch\/wp-content\/uploads\/2024\/05\/portada-02.jpg\" class=\"attachment-full size-full wp-image-6252\" alt=\"\" srcset=\"https:\/\/lavoirie.ch\/wp-content\/uploads\/2024\/05\/portada-02.jpg 1417w, https:\/\/lavoirie.ch\/wp-content\/uploads\/2024\/05\/portada-02-300x300.jpg 300w, https:\/\/lavoirie.ch\/wp-content\/uploads\/2024\/05\/portada-02-1024x1024.jpg 1024w, https:\/\/lavoirie.ch\/wp-content\/uploads\/2024\/05\/portada-02-150x150.jpg 150w, https:\/\/lavoirie.ch\/wp-content\/uploads\/2024\/05\/portada-02-768x768.jpg 768w\" sizes=\"(max-width: 1417px) 100vw, 1417px\" \/>\t\t\t\t\t\t\t\t\t\t\t\t\t\t\t<\/div>\n\t\t\t\t<\/div>\n\t\t\t\t\t<\/div>\n\t\t<\/div>\n\t\t\t\t\t<\/div>\n\t\t<\/section>\n\t\t\t\t<\/div>\n\t\t","protected":false},"featured_media":6252,"template":"","categories":[27],"class_list":["post-6267","event","type-event","status-publish","has-post-thumbnail","hentry","category-konzert"],"acf":[],"_links":{"self":[{"href":"https:\/\/lavoirie.ch\/de\/wp-json\/wp\/v2\/event\/6267","targetHints":{"allow":["GET"]}}],"collection":[{"href":"https:\/\/lavoirie.ch\/de\/wp-json\/wp\/v2\/event"}],"about":[{"href":"https:\/\/lavoirie.ch\/de\/wp-json\/wp\/v2\/types\/event"}],"version-history":[{"count":1,"href":"https:\/\/lavoirie.ch\/de\/wp-json\/wp\/v2\/event\/6267\/revisions"}],"predecessor-version":[{"id":6268,"href":"https:\/\/lavoirie.ch\/de\/wp-json\/wp\/v2\/event\/6267\/revisions\/6268"}],"wp:featuredmedia":[{"embeddable":true,"href":"https:\/\/lavoirie.ch\/de\/wp-json\/wp\/v2\/media\/6252"}],"wp:attachment":[{"href":"https:\/\/lavoirie.ch\/de\/wp-json\/wp\/v2\/media?parent=6267"}],"wp:term":[{"taxonomy":"category","embeddable":true,"href":"https:\/\/lavoirie.ch\/de\/wp-json\/wp\/v2\/categories?post=6267"}],"curies":[{"name":"wp","href":"https:\/\/api.w.org\/{rel}","templated":true}]}}

<div data-elementor-type="wp-post" data-elementor-id="6267" class="elementor elementor-6267 elementor-6250" data-elementor-post-type="event">
						<section class="elementor-section elementor-top-section elementor-element elementor-element-101fabf8 elementor-section-stretched elementor-section-boxed elementor-section-height-default elementor-section-height-default" data-id="101fabf8" data-element_type="section" data-e-type="section" data-settings="{&quot;stretch_section&quot;:&quot;section-stretched&quot;}">
						<div class="elementor-container elementor-column-gap-default">
					<div class="elementor-column elementor-col-50 elementor-top-column elementor-element elementor-element-4de17fcd" data-id="4de17fcd" data-element_type="column" data-e-type="column" data-settings="{&quot;background_background&quot;:&quot;classic&quot;}">
			<div class="elementor-widget-wrap elementor-element-populated">
						<div class="elementor-element elementor-element-54887c74 textcolor elementor-widget elementor-widget-theme-post-title elementor-page-title elementor-widget-heading" data-id="54887c74" data-element_type="widget" data-e-type="widget" data-widget_type="theme-post-title.default">
				<div class="elementor-widget-container">
					<h1 class="elementor-heading-title elementor-size-default">Mantra</h1>				</div>
				</div>
				<div class="elementor-element elementor-element-46c8e8c5 elementor-widget__width-initial textcolor elementor-widget elementor-widget-heading" data-id="46c8e8c5" data-element_type="widget" data-e-type="widget" data-widget_type="heading.default">
				<div class="elementor-widget-container">
					<h2 class="elementor-heading-title elementor-size-default">15.06.2024</h2>				</div>
				</div>
				<div class="elementor-element elementor-element-9a259fe elementor-widget__width-auto textcolor elementor-widget elementor-widget-heading" data-id="9a259fe" data-element_type="widget" data-e-type="widget" data-widget_type="heading.default">
				<div class="elementor-widget-container">
					<h2 class="elementor-heading-title elementor-size-default"><a href="https://lavoirie.ch/de/category/konzert/" rel="tag">Konzert</a></h2>				</div>
				</div>
				<div class="elementor-element elementor-element-55a2b68b textcolor elementor-widget elementor-widget-text-editor" data-id="55a2b68b" data-element_type="widget" data-e-type="widget" data-widget_type="text-editor.default">
				<div class="elementor-widget-container">
									<p> Multiinstrumentelles Solo-Konzert von <strong>Andrès Walker</strong></p>
<p><strong>Stil:</strong> Rock, Pop, Ambient, Psychedelic Rock</p>
<p>Andrès Walker wurde als Sohn zweier taubstummer Eltern geboren und entdeckte seine Leidenschaft für die Musik durch einen Onkel. Er studierte am Frankfurter Konservatorium und später an der Universität Mozarteum, einer Hochschule für Musik, Theater und Bildende Kunst in Salzburg, Österreich. Er interessiert sich sehr schnell für Jazz und experimentelle Musik, zwei Stile, die in seinem neuen Album zu finden sind:</p>
<p style="text-align: center"><strong>MANTRA</strong></p>
<p>Mantra ist eine experimentelle Fusion mit einer tiefen Atmosphäre, in der sich die Musik, die Farben und die Texturen verändern. Dieses musikalische Werk erweist sich als eine introspektive Illusion voller Bilder, Träume und Sinnlichkeit.</p>
<p>Als Bewohner einer großen Kultur und einer kosmopolitischen Welt interpretiert er seine Weltsicht mit Musik und Klängen, die sich mit unserem tausendfachen Alltag verschmelzen.</p>
<p>Der Ursprung der musikalischen Sprache ist ein inneres Signal, das uns jeden Tag aufweckt und uns bewusst macht, dass wir mehr sind als nur Erdbewohner. In diesem Musikprojekt empfinden wir ein starkes Gefühl, das uns fließend durch die Musik reisen lässt.</p>
<p>Weckt das eure Neugier? Erfahren Sie hier mehr über die Musik von Andrès Walker:</p>
<p><a href="http://www.youtube.com/@walker2010ist">www.youtube.com/@walker2010ist</a><br />
<a href="http://www.sondcloud.com/user-671433823">www.sondcloud.com/user-671433823</a></p>
<p>Beginn des Konzerts: 21 Uhr | Kollekte.</p>
<p> </p>
<p> </p>
								</div>
				</div>
					</div>
		</div>
				<div class="elementor-column elementor-col-50 elementor-top-column elementor-element elementor-element-1a7677d4" data-id="1a7677d4" data-element_type="column" data-e-type="column">
			<div class="elementor-widget-wrap elementor-element-populated">
						<div class="elementor-element elementor-element-572110de elementor-widget elementor-widget-image" data-id="572110de" data-element_type="widget" data-e-type="widget" data-widget_type="image.default">
				<div class="elementor-widget-container">
															<img fetchpriority="high" decoding="async" width="1417" height="1417" src="https://lavoirie.ch/wp-content/uploads/2024/05/portada-02.jpg" class="attachment-full size-full wp-image-6252" alt="" srcset="https://lavoirie.ch/wp-content/uploads/2024/05/portada-02.jpg 1417w, https://lavoirie.ch/wp-content/uploads/2024/05/portada-02-300x300.jpg 300w, https://lavoirie.ch/wp-content/uploads/2024/05/portada-02-1024x1024.jpg 1024w, https://lavoirie.ch/wp-content/uploads/2024/05/portada-02-150x150.jpg 150w, https://lavoirie.ch/wp-content/uploads/2024/05/portada-02-768x768.jpg 768w" sizes="(max-width: 1417px) 100vw, 1417px" />															</div>
				</div>
					</div>
		</div>
					</div>
		</section>
				</div>
