{"id":6277,"date":"2024-05-30T09:16:22","date_gmt":"2024-05-30T07:16:22","guid":{"rendered":"https:\/\/lavoirie.ch\/event\/pathetic-self-importance\/"},"modified":"2024-06-12T08:00:12","modified_gmt":"2024-06-12T06:00:12","slug":"pathetic-self-importance","status":"publish","type":"event","link":"https:\/\/lavoirie.ch\/de\/event\/pathetic-self-importance\/","title":{"rendered":"PATHETIC SELF-IMPORTANCE"},"content":{"rendered":"\t\t<div data-elementor-type=\"wp-post\" data-elementor-id=\"6277\" class=\"elementor elementor-6277 elementor-6269\" data-elementor-post-type=\"event\">\n\t\t\t\t\t\t<section class=\"elementor-section elementor-top-section elementor-element elementor-element-19770b84 elementor-section-stretched elementor-section-boxed elementor-section-height-default elementor-section-height-default\" data-id=\"19770b84\" data-element_type=\"section\" data-e-type=\"section\" data-settings=\"{&quot;stretch_section&quot;:&quot;section-stretched&quot;}\">\n\t\t\t\t\t\t<div class=\"elementor-container elementor-column-gap-default\">\n\t\t\t\t\t<div class=\"elementor-column elementor-col-50 elementor-top-column elementor-element elementor-element-f98b55a\" data-id=\"f98b55a\" data-element_type=\"column\" data-e-type=\"column\" data-settings=\"{&quot;background_background&quot;:&quot;classic&quot;}\">\n\t\t\t<div class=\"elementor-widget-wrap elementor-element-populated\">\n\t\t\t\t\t\t<div class=\"elementor-element elementor-element-3a3fc695 textcolor elementor-widget elementor-widget-theme-post-title elementor-page-title elementor-widget-heading\" data-id=\"3a3fc695\" data-element_type=\"widget\" data-e-type=\"widget\" data-widget_type=\"theme-post-title.default\">\n\t\t\t\t<div class=\"elementor-widget-container\">\n\t\t\t\t\t<h1 class=\"elementor-heading-title elementor-size-default\">PATHETIC SELF-IMPORTANCE<\/h1>\t\t\t\t<\/div>\n\t\t\t\t<\/div>\n\t\t\t\t<div class=\"elementor-element elementor-element-167eac20 elementor-widget__width-initial textcolor elementor-widget elementor-widget-heading\" data-id=\"167eac20\" data-element_type=\"widget\" data-e-type=\"widget\" data-widget_type=\"heading.default\">\n\t\t\t\t<div class=\"elementor-widget-container\">\n\t\t\t\t\t<h2 class=\"elementor-heading-title elementor-size-default\">06.06.2024<\/h2>\t\t\t\t<\/div>\n\t\t\t\t<\/div>\n\t\t\t\t<div class=\"elementor-element elementor-element-e43d856 elementor-widget__width-auto textcolor elementor-widget elementor-widget-heading\" data-id=\"e43d856\" data-element_type=\"widget\" data-e-type=\"widget\" data-widget_type=\"heading.default\">\n\t\t\t\t<div class=\"elementor-widget-container\">\n\t\t\t\t\t<h2 class=\"elementor-heading-title elementor-size-default\"><a href=\"https:\/\/lavoirie.ch\/de\/category\/ausstellung\/\" rel=\"tag\">Ausstellung<\/a>, <a href=\"https:\/\/lavoirie.ch\/de\/category\/konzert\/\" rel=\"tag\">Konzert<\/a><\/h2>\t\t\t\t<\/div>\n\t\t\t\t<\/div>\n\t\t\t\t<div class=\"elementor-element elementor-element-3f90de95 textcolor elementor-widget elementor-widget-text-editor\" data-id=\"3f90de95\" data-element_type=\"widget\" data-e-type=\"widget\" data-widget_type=\"text-editor.default\">\n\t\t\t\t<div class=\"elementor-widget-container\">\n\t\t\t\t\t\t\t\t\t<p>Malereien, Performances und Konzerte von <strong>Herv\u00e9 Thiot<\/strong><\/p>\n<p>W\u00e4hrend dieser drei Tage in der Voirie wird Herv\u00e9 Thiot von verschiedenen K\u00fcnstlern umgeben sein, um Ihnen eine Ausstellung, visuelle und akustische Installationen sowie Konzerte aller Art zu pr\u00e4sentieren.<\/p>\n<p><span style=\"text-decoration: underline\">A propos\u00a0:<\/span><\/p>\n<p>Herv\u00e9 Thiot ist ein Schweizer Maler, Performer und Musiker mit mauritischen Urspr\u00fcngen, der in Biel (CH) und Berlin lebt. Er kommt aus der europ\u00e4ischen Underground-Szene, liebt die Freiheit und versteht seine Arbeit als ein Instrument der Begegnung und des Austauschs, was ihn zu prestigetr\u00e4chtigen Kollaborationen und zahlreichen internationalen Tourneen f\u00fchrt, aber auch dazu, im Caf\u00e9 mit den Jungs aus dem Viertel zu kritzeln, wie eine vom Dach gefallene Punk-Gossenkatze.<\/p>\n<p>Die explosive und rhythmische Energie seiner zutiefst choreografischen Geste findet sich in Wandgem\u00e4lden, Leinw\u00e4nden, Zeichnungen, Installationen, Dekorationen, B\u00fchnenbildern und Performances wieder.<\/p>\n<p>Seine Sprache sch\u00f6pft ihre Inspiration aus dem Urbanen, der Welt der Nacht und der Popul\u00e4rkultur (Urban Art, Video, Comics, Science-Fiction, Tanz, elektronische Musik&#8230;) und passt sich virtuos an die Vielzahl der verwendeten Medien an. Seine gewagten Kompositionen verwenden Verzerrungseffekte, deren visuelle Wirkung den Betrachter sofort anspricht.<\/p>\n<p>Angetrieben von einem Puls der Dringlichkeit, in st\u00e4ndiger Bewegung, scheint das Werk von Herv\u00e9 Thiot eine lebendige Geometrie zu erfinden. So f\u00fchrt die subtile Behandlung einfacher Formen durch schnelle Neben- und \u00dcbereinanderstellung von Linien und Farben zu einer skopischen Vibration, die unsere Wahrnehmung der Realit\u00e4t in Frage stellt.<\/p>\n<p><u>\u00d6ffnungszeiten:<\/u><\/p>\n<p><strong>Donnerstag 6. Juni<\/strong><\/p>\n<p>\u00d6ffnung 17.00 | Konzerte 19.00<\/p>\n<p><strong>Freitag 7. Juni<\/strong><\/p>\n<p>17.00-00.00<\/p>\n<p><strong>Samstag 8. Juni<\/strong><\/p>\n<p>15.00-18.00 | Konzerte 18.00<\/p>\n<p><a href=\"https:\/\/www.instagram.com\/herve_thiot\/\">https:\/\/www.instagram.com\/herve_thiot\/<\/a><\/p>\n<p><a href=\"https:\/\/www.hervethiot.com\/\">https:\/\/www.hervethiot.com\/<\/a><\/p>\n\t\t\t\t\t\t\t\t<\/div>\n\t\t\t\t<\/div>\n\t\t\t\t\t<\/div>\n\t\t<\/div>\n\t\t\t\t<div class=\"elementor-column elementor-col-50 elementor-top-column elementor-element elementor-element-69c4259\" data-id=\"69c4259\" data-element_type=\"column\" data-e-type=\"column\">\n\t\t\t<div class=\"elementor-widget-wrap elementor-element-populated\">\n\t\t\t\t\t\t<div class=\"elementor-element elementor-element-45aa8dd8 elementor-widget elementor-widget-image\" data-id=\"45aa8dd8\" data-element_type=\"widget\" data-e-type=\"widget\" data-widget_type=\"image.default\">\n\t\t\t\t<div class=\"elementor-widget-container\">\n\t\t\t\t\t\t\t\t\t\t\t\t\t\t\t<img fetchpriority=\"high\" decoding=\"async\" width=\"900\" height=\"900\" src=\"https:\/\/lavoirie.ch\/wp-content\/uploads\/2024\/05\/pathetic0002.jpg\" class=\"attachment-full size-full wp-image-6271\" alt=\"\" srcset=\"https:\/\/lavoirie.ch\/wp-content\/uploads\/2024\/05\/pathetic0002.jpg 900w, https:\/\/lavoirie.ch\/wp-content\/uploads\/2024\/05\/pathetic0002-300x300.jpg 300w, https:\/\/lavoirie.ch\/wp-content\/uploads\/2024\/05\/pathetic0002-150x150.jpg 150w, https:\/\/lavoirie.ch\/wp-content\/uploads\/2024\/05\/pathetic0002-768x768.jpg 768w\" sizes=\"(max-width: 900px) 100vw, 900px\" \/>\t\t\t\t\t\t\t\t\t\t\t\t\t\t\t<\/div>\n\t\t\t\t<\/div>\n\t\t\t\t\t<\/div>\n\t\t<\/div>\n\t\t\t\t\t<\/div>\n\t\t<\/section>\n\t\t\t\t<\/div>\n\t\t","protected":false},"featured_media":6271,"template":"","categories":[29,27],"class_list":["post-6277","event","type-event","status-publish","has-post-thumbnail","hentry","category-ausstellung","category-konzert"],"acf":[],"_links":{"self":[{"href":"https:\/\/lavoirie.ch\/de\/wp-json\/wp\/v2\/event\/6277","targetHints":{"allow":["GET"]}}],"collection":[{"href":"https:\/\/lavoirie.ch\/de\/wp-json\/wp\/v2\/event"}],"about":[{"href":"https:\/\/lavoirie.ch\/de\/wp-json\/wp\/v2\/types\/event"}],"version-history":[{"count":1,"href":"https:\/\/lavoirie.ch\/de\/wp-json\/wp\/v2\/event\/6277\/revisions"}],"predecessor-version":[{"id":6278,"href":"https:\/\/lavoirie.ch\/de\/wp-json\/wp\/v2\/event\/6277\/revisions\/6278"}],"wp:featuredmedia":[{"embeddable":true,"href":"https:\/\/lavoirie.ch\/de\/wp-json\/wp\/v2\/media\/6271"}],"wp:attachment":[{"href":"https:\/\/lavoirie.ch\/de\/wp-json\/wp\/v2\/media?parent=6277"}],"wp:term":[{"taxonomy":"category","embeddable":true,"href":"https:\/\/lavoirie.ch\/de\/wp-json\/wp\/v2\/categories?post=6277"}],"curies":[{"name":"wp","href":"https:\/\/api.w.org\/{rel}","templated":true}]}}

<div data-elementor-type="wp-post" data-elementor-id="6277" class="elementor elementor-6277 elementor-6269" data-elementor-post-type="event">
						<section class="elementor-section elementor-top-section elementor-element elementor-element-19770b84 elementor-section-stretched elementor-section-boxed elementor-section-height-default elementor-section-height-default" data-id="19770b84" data-element_type="section" data-e-type="section" data-settings="{&quot;stretch_section&quot;:&quot;section-stretched&quot;}">
						<div class="elementor-container elementor-column-gap-default">
					<div class="elementor-column elementor-col-50 elementor-top-column elementor-element elementor-element-f98b55a" data-id="f98b55a" data-element_type="column" data-e-type="column" data-settings="{&quot;background_background&quot;:&quot;classic&quot;}">
			<div class="elementor-widget-wrap elementor-element-populated">
						<div class="elementor-element elementor-element-3a3fc695 textcolor elementor-widget elementor-widget-theme-post-title elementor-page-title elementor-widget-heading" data-id="3a3fc695" data-element_type="widget" data-e-type="widget" data-widget_type="theme-post-title.default">
				<div class="elementor-widget-container">
					<h1 class="elementor-heading-title elementor-size-default">PATHETIC SELF-IMPORTANCE</h1>				</div>
				</div>
				<div class="elementor-element elementor-element-167eac20 elementor-widget__width-initial textcolor elementor-widget elementor-widget-heading" data-id="167eac20" data-element_type="widget" data-e-type="widget" data-widget_type="heading.default">
				<div class="elementor-widget-container">
					<h2 class="elementor-heading-title elementor-size-default">06.06.2024</h2>				</div>
				</div>
				<div class="elementor-element elementor-element-e43d856 elementor-widget__width-auto textcolor elementor-widget elementor-widget-heading" data-id="e43d856" data-element_type="widget" data-e-type="widget" data-widget_type="heading.default">
				<div class="elementor-widget-container">
					<h2 class="elementor-heading-title elementor-size-default"><a href="https://lavoirie.ch/de/category/ausstellung/" rel="tag">Ausstellung</a>, <a href="https://lavoirie.ch/de/category/konzert/" rel="tag">Konzert</a></h2>				</div>
				</div>
				<div class="elementor-element elementor-element-3f90de95 textcolor elementor-widget elementor-widget-text-editor" data-id="3f90de95" data-element_type="widget" data-e-type="widget" data-widget_type="text-editor.default">
				<div class="elementor-widget-container">
									<p>Malereien, Performances und Konzerte von <strong>Hervé Thiot</strong></p>
<p>Während dieser drei Tage in der Voirie wird Hervé Thiot von verschiedenen Künstlern umgeben sein, um Ihnen eine Ausstellung, visuelle und akustische Installationen sowie Konzerte aller Art zu präsentieren.</p>
<p><span style="text-decoration: underline">A propos :</span></p>
<p>Hervé Thiot ist ein Schweizer Maler, Performer und Musiker mit mauritischen Ursprüngen, der in Biel (CH) und Berlin lebt. Er kommt aus der europäischen Underground-Szene, liebt die Freiheit und versteht seine Arbeit als ein Instrument der Begegnung und des Austauschs, was ihn zu prestigeträchtigen Kollaborationen und zahlreichen internationalen Tourneen führt, aber auch dazu, im Café mit den Jungs aus dem Viertel zu kritzeln, wie eine vom Dach gefallene Punk-Gossenkatze.</p>
<p>Die explosive und rhythmische Energie seiner zutiefst choreografischen Geste findet sich in Wandgemälden, Leinwänden, Zeichnungen, Installationen, Dekorationen, Bühnenbildern und Performances wieder.</p>
<p>Seine Sprache schöpft ihre Inspiration aus dem Urbanen, der Welt der Nacht und der Populärkultur (Urban Art, Video, Comics, Science-Fiction, Tanz, elektronische Musik&#8230;) und passt sich virtuos an die Vielzahl der verwendeten Medien an. Seine gewagten Kompositionen verwenden Verzerrungseffekte, deren visuelle Wirkung den Betrachter sofort anspricht.</p>
<p>Angetrieben von einem Puls der Dringlichkeit, in ständiger Bewegung, scheint das Werk von Hervé Thiot eine lebendige Geometrie zu erfinden. So führt die subtile Behandlung einfacher Formen durch schnelle Neben- und Übereinanderstellung von Linien und Farben zu einer skopischen Vibration, die unsere Wahrnehmung der Realität in Frage stellt.</p>
<p><u>Öffnungszeiten:</u></p>
<p><strong>Donnerstag 6. Juni</strong></p>
<p>Öffnung 17.00 | Konzerte 19.00</p>
<p><strong>Freitag 7. Juni</strong></p>
<p>17.00-00.00</p>
<p><strong>Samstag 8. Juni</strong></p>
<p>15.00-18.00 | Konzerte 18.00</p>
<p><a href="https://www.instagram.com/herve_thiot/">https://www.instagram.com/herve_thiot/</a></p>
<p><a href="https://www.hervethiot.com/">https://www.hervethiot.com/</a></p>
								</div>
				</div>
					</div>
		</div>
				<div class="elementor-column elementor-col-50 elementor-top-column elementor-element elementor-element-69c4259" data-id="69c4259" data-element_type="column" data-e-type="column">
			<div class="elementor-widget-wrap elementor-element-populated">
						<div class="elementor-element elementor-element-45aa8dd8 elementor-widget elementor-widget-image" data-id="45aa8dd8" data-element_type="widget" data-e-type="widget" data-widget_type="image.default">
				<div class="elementor-widget-container">
															<img fetchpriority="high" decoding="async" width="900" height="900" src="https://lavoirie.ch/wp-content/uploads/2024/05/pathetic0002.jpg" class="attachment-full size-full wp-image-6271" alt="" srcset="https://lavoirie.ch/wp-content/uploads/2024/05/pathetic0002.jpg 900w, https://lavoirie.ch/wp-content/uploads/2024/05/pathetic0002-300x300.jpg 300w, https://lavoirie.ch/wp-content/uploads/2024/05/pathetic0002-150x150.jpg 150w, https://lavoirie.ch/wp-content/uploads/2024/05/pathetic0002-768x768.jpg 768w" sizes="(max-width: 900px) 100vw, 900px" />															</div>
				</div>
					</div>
		</div>
					</div>
		</section>
				</div>
