{"id":7195,"date":"2025-09-29T11:47:12","date_gmt":"2025-09-29T09:47:12","guid":{"rendered":"https:\/\/lavoirie.ch\/event\/bieler-literaturfestival\/"},"modified":"2025-10-29T16:23:42","modified_gmt":"2025-10-29T15:23:42","slug":"bieler-literaturfestival","status":"publish","type":"event","link":"https:\/\/lavoirie.ch\/de\/event\/bieler-literaturfestival\/","title":{"rendered":"Bieler Literaturfestival &#8222;Anfang und Ende&#8220;"},"content":{"rendered":"\t\t<div data-elementor-type=\"wp-post\" data-elementor-id=\"7195\" class=\"elementor elementor-7195 elementor-7190\" data-elementor-post-type=\"event\">\n\t\t\t\t\t\t<section class=\"elementor-section elementor-top-section elementor-element elementor-element-36aa2c8b elementor-section-stretched elementor-section-boxed elementor-section-height-default elementor-section-height-default\" data-id=\"36aa2c8b\" data-element_type=\"section\" data-e-type=\"section\" data-settings=\"{&quot;stretch_section&quot;:&quot;section-stretched&quot;}\">\n\t\t\t\t\t\t<div class=\"elementor-container elementor-column-gap-default\">\n\t\t\t\t\t<div class=\"elementor-column elementor-col-50 elementor-top-column elementor-element elementor-element-5de1054e\" data-id=\"5de1054e\" data-element_type=\"column\" data-e-type=\"column\" data-settings=\"{&quot;background_background&quot;:&quot;classic&quot;}\">\n\t\t\t<div class=\"elementor-widget-wrap elementor-element-populated\">\n\t\t\t\t\t\t<div class=\"elementor-element elementor-element-3f8adf0a textcolor elementor-widget elementor-widget-theme-post-title elementor-page-title elementor-widget-heading\" data-id=\"3f8adf0a\" data-element_type=\"widget\" data-e-type=\"widget\" data-widget_type=\"theme-post-title.default\">\n\t\t\t\t<div class=\"elementor-widget-container\">\n\t\t\t\t\t<h1 class=\"elementor-heading-title elementor-size-default\">Bieler Literaturfestival &#8222;Anfang und Ende&#8220;<\/h1>\t\t\t\t<\/div>\n\t\t\t\t<\/div>\n\t\t\t\t<div class=\"elementor-element elementor-element-712e3fcd textcolor elementor-widget elementor-widget-heading\" data-id=\"712e3fcd\" data-element_type=\"widget\" data-e-type=\"widget\" data-widget_type=\"heading.default\">\n\t\t\t\t<div class=\"elementor-widget-container\">\n\t\t\t\t\t<h2 class=\"elementor-heading-title elementor-size-default\">21.11.2025<\/h2>\t\t\t\t<\/div>\n\t\t\t\t<\/div>\n\t\t\t\t<div class=\"elementor-element elementor-element-1c882e79 textcolor elementor-widget elementor-widget-heading\" data-id=\"1c882e79\" data-element_type=\"widget\" data-e-type=\"widget\" data-widget_type=\"heading.default\">\n\t\t\t\t<div class=\"elementor-widget-container\">\n\t\t\t\t\t<h2 class=\"elementor-heading-title elementor-size-default\"><a href=\"https:\/\/lavoirie.ch\/de\/category\/festival-de\/\" rel=\"tag\">Festival<\/a>, <a href=\"https:\/\/lavoirie.ch\/de\/category\/literatur\/\" rel=\"tag\">Literatur<\/a><\/h2>\t\t\t\t<\/div>\n\t\t\t\t<\/div>\n\t\t\t\t<div class=\"elementor-element elementor-element-d64a384 textcolor elementor-widget elementor-widget-text-editor\" data-id=\"d64a384\" data-element_type=\"widget\" data-e-type=\"widget\" data-widget_type=\"text-editor.default\">\n\t\t\t\t<div class=\"elementor-widget-container\">\n\t\t\t\t\t\t\t\t\t<p><strong>Vom 21.11 \u2013 23.11.2025<\/strong><\/p>\n<p>An diesem Festival wagen wir uns an grosse Fragen: Wie erz\u00e4hlen von Verg\u00e4nglichkeit, Tod und Neubeginn? Wie \u00fcberhaupt mit dem Erz\u00e4hlen anfangen? Wir laden Sie dazu ein, w\u00e4hrend dieser drei Tage mit uns auf Antwortsuche zu gehen \u2013 zusammen mit den nach Biel eingeladenen Autor:innen, die sich in ihren Texten auf verschiedenen Wegen dem vielschichtigen Thema n\u00e4hern: heiter und ernst, lyrisch und prosaisch, pers\u00f6nlich und mit Blick auf die gesellschaftlichen, politischen und \u00f6kologischen Kontexte, die darin anklingen. <\/p>\n<p>Die Literarische Biel \u2013 kurz: Dilit \u2013 ist ein Verein. Seit \u00fcber 60 Jahren stellen wir Autor:innen und ihre Texte ins Zentrum unserer T\u00e4tigkeit und bringen sie mit dem Publikum in Kontakt und ins Gespr\u00e4ch. Wir freuen uns immer \u00fcber (neue) Mitglieder.<\/p>\n<p>Programm:<\/p>\n<p><strong>Freitag, 21.11.2025 20:00 Uhr<\/strong>: Milena Michiko Fla\u0161ar \u00abOben Erde, unten Himmel\u00bb<br \/>\nLesung und Gespr\u00e4ch<br \/>\nModeration: Sibylle Marti<\/p>\n<p><strong>Samstag, 22.11.2025 15:00 Uhr<\/strong>: Eva Maria Leuenberger \u2013 \u00abdie spinne\u00bb \u2013 ein Langgedicht.<br \/>\nLesung und Gespr\u00e4ch<br \/>\nModeration: Nuria Sublet<\/p>\n<p><strong>17:00 Uhr<\/strong>: Ueli M\u00e4der \u2013 \u00abMein Bruder Marco. Eine Ann\u00e4herung\u00bb<br \/>\nLesung und Gespr\u00e4ch<br \/>\nModeration: Maria Magnin<\/p>\n<p><strong>20:00 Uhr:<\/strong> Alex Capus \u2013 \u00abDas kleine Haus am Sonnenhang\u00bb<br \/>\nLesung und Gespr\u00e4ch<br \/>\nModeration: Simon Messerli<\/p>\n<p><strong>Sonntag, 23.11.2025 10:30 Uhr<\/strong>: \u00abUnd wenn sie nicht gestorben sind\u2026\u00bb M\u00e4rchen und Musik mit Brigitte Hirsig, Balts Nill und Regula Gerber<br \/>\nIm Anschluss: Suppe und Brot<\/p>\n<p>Preise:<br \/>\nEinzeltickets: 20 CHF\/15 CHF \/10 (CHF \/5 CHF (Lernende)<br \/>\nFestivalpass: 60 CHF \/ 30 CHF (Mitglieder), 80 CHF (G\u00f6nner:innen)<\/p>\n<p>Reservationen an info@dilit.ch<br \/>\nMehr Informationen: <a href=\"www.dilit.ch\">www.dilit.ch<\/a><\/p>\n\t\t\t\t\t\t\t\t<\/div>\n\t\t\t\t<\/div>\n\t\t\t\t\t<\/div>\n\t\t<\/div>\n\t\t\t\t<div class=\"elementor-column elementor-col-50 elementor-top-column elementor-element elementor-element-5f10a23b\" data-id=\"5f10a23b\" data-element_type=\"column\" data-e-type=\"column\">\n\t\t\t<div class=\"elementor-widget-wrap elementor-element-populated\">\n\t\t\t\t\t\t<div class=\"elementor-element elementor-element-ae2b6e6 elementor-widget elementor-widget-image\" data-id=\"ae2b6e6\" data-element_type=\"widget\" data-e-type=\"widget\" data-widget_type=\"image.default\">\n\t\t\t\t<div class=\"elementor-widget-container\">\n\t\t\t\t\t\t\t\t\t\t\t\t\t\t\t<img fetchpriority=\"high\" decoding=\"async\" width=\"2048\" height=\"2560\" src=\"https:\/\/lavoirie.ch\/wp-content\/uploads\/2025\/09\/DILIT_Facebook_Insta_Literaturfestival_23-PR01726052-scaled.jpg\" class=\"attachment-full size-full wp-image-7220\" alt=\"\" srcset=\"https:\/\/lavoirie.ch\/wp-content\/uploads\/2025\/09\/DILIT_Facebook_Insta_Literaturfestival_23-PR01726052-scaled.jpg 2048w, https:\/\/lavoirie.ch\/wp-content\/uploads\/2025\/09\/DILIT_Facebook_Insta_Literaturfestival_23-PR01726052-240x300.jpg 240w, https:\/\/lavoirie.ch\/wp-content\/uploads\/2025\/09\/DILIT_Facebook_Insta_Literaturfestival_23-PR01726052-819x1024.jpg 819w, https:\/\/lavoirie.ch\/wp-content\/uploads\/2025\/09\/DILIT_Facebook_Insta_Literaturfestival_23-PR01726052-768x960.jpg 768w, https:\/\/lavoirie.ch\/wp-content\/uploads\/2025\/09\/DILIT_Facebook_Insta_Literaturfestival_23-PR01726052-1229x1536.jpg 1229w, https:\/\/lavoirie.ch\/wp-content\/uploads\/2025\/09\/DILIT_Facebook_Insta_Literaturfestival_23-PR01726052-1638x2048.jpg 1638w\" sizes=\"(max-width: 2048px) 100vw, 2048px\" \/>\t\t\t\t\t\t\t\t\t\t\t\t\t\t\t<\/div>\n\t\t\t\t<\/div>\n\t\t\t\t\t<\/div>\n\t\t<\/div>\n\t\t\t\t\t<\/div>\n\t\t<\/section>\n\t\t\t\t<\/div>\n\t\t","protected":false},"featured_media":7220,"template":"","categories":[42,31],"class_list":["post-7195","event","type-event","status-publish","has-post-thumbnail","hentry","category-festival-de","category-literatur"],"acf":[],"_links":{"self":[{"href":"https:\/\/lavoirie.ch\/de\/wp-json\/wp\/v2\/event\/7195","targetHints":{"allow":["GET"]}}],"collection":[{"href":"https:\/\/lavoirie.ch\/de\/wp-json\/wp\/v2\/event"}],"about":[{"href":"https:\/\/lavoirie.ch\/de\/wp-json\/wp\/v2\/types\/event"}],"version-history":[{"count":2,"href":"https:\/\/lavoirie.ch\/de\/wp-json\/wp\/v2\/event\/7195\/revisions"}],"predecessor-version":[{"id":7222,"href":"https:\/\/lavoirie.ch\/de\/wp-json\/wp\/v2\/event\/7195\/revisions\/7222"}],"wp:featuredmedia":[{"embeddable":true,"href":"https:\/\/lavoirie.ch\/de\/wp-json\/wp\/v2\/media\/7220"}],"wp:attachment":[{"href":"https:\/\/lavoirie.ch\/de\/wp-json\/wp\/v2\/media?parent=7195"}],"wp:term":[{"taxonomy":"category","embeddable":true,"href":"https:\/\/lavoirie.ch\/de\/wp-json\/wp\/v2\/categories?post=7195"}],"curies":[{"name":"wp","href":"https:\/\/api.w.org\/{rel}","templated":true}]}}

<div data-elementor-type="wp-post" data-elementor-id="7195" class="elementor elementor-7195 elementor-7190" data-elementor-post-type="event">
						<section class="elementor-section elementor-top-section elementor-element elementor-element-36aa2c8b elementor-section-stretched elementor-section-boxed elementor-section-height-default elementor-section-height-default" data-id="36aa2c8b" data-element_type="section" data-e-type="section" data-settings="{&quot;stretch_section&quot;:&quot;section-stretched&quot;}">
						<div class="elementor-container elementor-column-gap-default">
					<div class="elementor-column elementor-col-50 elementor-top-column elementor-element elementor-element-5de1054e" data-id="5de1054e" data-element_type="column" data-e-type="column" data-settings="{&quot;background_background&quot;:&quot;classic&quot;}">
			<div class="elementor-widget-wrap elementor-element-populated">
						<div class="elementor-element elementor-element-3f8adf0a textcolor elementor-widget elementor-widget-theme-post-title elementor-page-title elementor-widget-heading" data-id="3f8adf0a" data-element_type="widget" data-e-type="widget" data-widget_type="theme-post-title.default">
				<div class="elementor-widget-container">
					<h1 class="elementor-heading-title elementor-size-default">Bieler Literaturfestival &#8222;Anfang und Ende&#8220;</h1>				</div>
				</div>
				<div class="elementor-element elementor-element-712e3fcd textcolor elementor-widget elementor-widget-heading" data-id="712e3fcd" data-element_type="widget" data-e-type="widget" data-widget_type="heading.default">
				<div class="elementor-widget-container">
					<h2 class="elementor-heading-title elementor-size-default">21.11.2025</h2>				</div>
				</div>
				<div class="elementor-element elementor-element-1c882e79 textcolor elementor-widget elementor-widget-heading" data-id="1c882e79" data-element_type="widget" data-e-type="widget" data-widget_type="heading.default">
				<div class="elementor-widget-container">
					<h2 class="elementor-heading-title elementor-size-default"><a href="https://lavoirie.ch/de/category/festival-de/" rel="tag">Festival</a>, <a href="https://lavoirie.ch/de/category/literatur/" rel="tag">Literatur</a></h2>				</div>
				</div>
				<div class="elementor-element elementor-element-d64a384 textcolor elementor-widget elementor-widget-text-editor" data-id="d64a384" data-element_type="widget" data-e-type="widget" data-widget_type="text-editor.default">
				<div class="elementor-widget-container">
									<p><strong>Vom 21.11 – 23.11.2025</strong></p>
<p>An diesem Festival wagen wir uns an grosse Fragen: Wie erzählen von Vergänglichkeit, Tod und Neubeginn? Wie überhaupt mit dem Erzählen anfangen? Wir laden Sie dazu ein, während dieser drei Tage mit uns auf Antwortsuche zu gehen – zusammen mit den nach Biel eingeladenen Autor:innen, die sich in ihren Texten auf verschiedenen Wegen dem vielschichtigen Thema nähern: heiter und ernst, lyrisch und prosaisch, persönlich und mit Blick auf die gesellschaftlichen, politischen und ökologischen Kontexte, die darin anklingen. </p>
<p>Die Literarische Biel – kurz: Dilit – ist ein Verein. Seit über 60 Jahren stellen wir Autor:innen und ihre Texte ins Zentrum unserer Tätigkeit und bringen sie mit dem Publikum in Kontakt und ins Gespräch. Wir freuen uns immer über (neue) Mitglieder.</p>
<p>Programm:</p>
<p><strong>Freitag, 21.11.2025 20:00 Uhr</strong>: Milena Michiko Flašar «Oben Erde, unten Himmel»<br />
Lesung und Gespräch<br />
Moderation: Sibylle Marti</p>
<p><strong>Samstag, 22.11.2025 15:00 Uhr</strong>: Eva Maria Leuenberger – «die spinne» – ein Langgedicht.<br />
Lesung und Gespräch<br />
Moderation: Nuria Sublet</p>
<p><strong>17:00 Uhr</strong>: Ueli Mäder – «Mein Bruder Marco. Eine Annäherung»<br />
Lesung und Gespräch<br />
Moderation: Maria Magnin</p>
<p><strong>20:00 Uhr:</strong> Alex Capus – «Das kleine Haus am Sonnenhang»<br />
Lesung und Gespräch<br />
Moderation: Simon Messerli</p>
<p><strong>Sonntag, 23.11.2025 10:30 Uhr</strong>: «Und wenn sie nicht gestorben sind…» Märchen und Musik mit Brigitte Hirsig, Balts Nill und Regula Gerber<br />
Im Anschluss: Suppe und Brot</p>
<p>Preise:<br />
Einzeltickets: 20 CHF/15 CHF /10 (CHF /5 CHF (Lernende)<br />
Festivalpass: 60 CHF / 30 CHF (Mitglieder), 80 CHF (Gönner:innen)</p>
<p>Reservationen an info@dilit.ch<br />
Mehr Informationen: <a href="www.dilit.ch">www.dilit.ch</a></p>
								</div>
				</div>
					</div>
		</div>
				<div class="elementor-column elementor-col-50 elementor-top-column elementor-element elementor-element-5f10a23b" data-id="5f10a23b" data-element_type="column" data-e-type="column">
			<div class="elementor-widget-wrap elementor-element-populated">
						<div class="elementor-element elementor-element-ae2b6e6 elementor-widget elementor-widget-image" data-id="ae2b6e6" data-element_type="widget" data-e-type="widget" data-widget_type="image.default">
				<div class="elementor-widget-container">
															<img fetchpriority="high" decoding="async" width="2048" height="2560" src="https://lavoirie.ch/wp-content/uploads/2025/09/DILIT_Facebook_Insta_Literaturfestival_23-PR01726052-scaled.jpg" class="attachment-full size-full wp-image-7220" alt="" srcset="https://lavoirie.ch/wp-content/uploads/2025/09/DILIT_Facebook_Insta_Literaturfestival_23-PR01726052-scaled.jpg 2048w, https://lavoirie.ch/wp-content/uploads/2025/09/DILIT_Facebook_Insta_Literaturfestival_23-PR01726052-240x300.jpg 240w, https://lavoirie.ch/wp-content/uploads/2025/09/DILIT_Facebook_Insta_Literaturfestival_23-PR01726052-819x1024.jpg 819w, https://lavoirie.ch/wp-content/uploads/2025/09/DILIT_Facebook_Insta_Literaturfestival_23-PR01726052-768x960.jpg 768w, https://lavoirie.ch/wp-content/uploads/2025/09/DILIT_Facebook_Insta_Literaturfestival_23-PR01726052-1229x1536.jpg 1229w, https://lavoirie.ch/wp-content/uploads/2025/09/DILIT_Facebook_Insta_Literaturfestival_23-PR01726052-1638x2048.jpg 1638w" sizes="(max-width: 2048px) 100vw, 2048px" />															</div>
				</div>
					</div>
		</div>
					</div>
		</section>
				</div>
